{"id":2737,"date":"2021-07-07T14:25:12","date_gmt":"2021-07-07T14:25:12","guid":{"rendered":"https:\/\/server656728.nazwa.pl\/hipertin\/?post_type=product&#038;p=2737"},"modified":"2022-06-14T10:22:32","modified_gmt":"2022-06-14T10:22:32","slug":"odzywka-12w1-hipertin-the-original-150-ml","status":"publish","type":"product","link":"https:\/\/hipertin.dfirma.pl\/index.php\/product\/odzywka-12w1-hipertin-the-original-150-ml\/","title":{"rendered":"Od\u017cywka 12w1 Hipertin The Original 150 ml"},"content":{"rendered":"<p>Szukasz wyj\u0105tkowej od\u017cywki do w\u0142os\u00f3w o bardzo szerokim spektrum dzia\u0142ania? Wybierz wi\u0119c\u00a0<strong>Hipertin Linecure The Original 12 w1<\/strong>, kt\u00f3ra diametralnie odmieni wygl\u0105d i kondycj\u0119 Twoich w\u0142os\u00f3w.<\/p>\n<p><strong>Jedna od\u017cywka, mn\u00f3stwo korzy\u015bci!<\/strong><\/p>\n<p>Hipertin Linecure De Original 12 w1 to innowacyjna od\u017cywka, kt\u00f3ra cechuje si\u0119 bardzo szerokim spektrum dzia\u0142ania. Jak si\u0119 bowiem okazuje od\u017cywka nie tylko optymalnie od\u017cywia i doskonale nawil\u017ca w\u0142osy, ale tak\u017ce szybko i sprawnie naprawia zniszczone ko\u0144c\u00f3wki. Co wi\u0119cej, chroni tak\u017ce w\u0142osy przed uci\u0105\u017cliwym puszeniem si\u0119 oraz zabezpiecza pasma w\u0142os\u00f3w przed szkodliwym dzia\u0142aniem wysokiej temperatury emitowanej przez urz\u0105dzenia do stylizacji w\u0142os\u00f3w. Chroni tak\u017ce przed szkodliwym dzia\u0142aniem promieni s\u0142onecznych. U\u0142atwia codzienne rozczesywanie nawet najbardziej splatanych w\u0142os\u00f3w, gwarantuj\u0105c jednocze\u015bnie spektakularny po\u0142ysk, obj\u0119to\u015b\u0107 i mi\u0119kko\u015b\u0107 w\u0142os\u00f3w. A wszystko to jest mo\u017cliwe przede wszystkim dzi\u0119ki\u00a0<strong>wyj\u0105tkowej koncentracji aktywnych sk\u0142adnik\u00f3w, mleczka manuka, keratyny oraz witamin B1, B3, B5, B6, a tak\u017ce cudotw\u00f3rczych protein jedwabiu<\/strong>.<\/p>\n<p><strong>Spos\u00f3b u\u017cycia:\u00a0<\/strong>rozprowadzi\u0107 na wcze\u015bniej umytych ods\u0105czonych z wilgoci w\u0142osach. Nie sp\u0142ukiwa\u0107.<\/p>\n<p><strong>Pojemno\u015b\u0107:<\/strong>\u00a0150ml<\/p>\n","protected":false},"excerpt":{"rendered":"<p>Szukasz wyj\u0105tkowej od\u017cywki do w\u0142os\u00f3w o bardzo szerokim spektrum dzia\u0142ania? Wybierz wi\u0119c\u00a0<strong>Hipertin Linecure The Original 12 w1<\/strong>, kt\u00f3ra diametralnie odmieni wygl\u0105d i kondycj\u0119 Twoich w\u0142os\u00f3w.<\/p>\n<p><strong>Jedna od\u017cywka, mn\u00f3stwo korzy\u015bci!<\/strong><\/p>\n<p>Hipertin Linecure De Original 12 w1 to innowacyjna od\u017cywka, kt\u00f3ra cechuje si\u0119 bardzo szerokim spektrum dzia\u0142ania. Jak si\u0119 bowiem okazuje od\u017cywka nie tylko optymalnie od\u017cywia i doskonale nawil\u017ca w\u0142osy, ale tak\u017ce szybko i sprawnie naprawia zniszczone ko\u0144c\u00f3wki. Co wi\u0119cej, chroni tak\u017ce w\u0142osy przed uci\u0105\u017cliwym puszeniem si\u0119 oraz zabezpiecza pasma w\u0142os\u00f3w przed szkodliwym dzia\u0142aniem wysokiej temperatury emitowanej przez urz\u0105dzenia do stylizacji w\u0142os\u00f3w. Chroni tak\u017ce przed szkodliwym dzia\u0142aniem promieni s\u0142onecznych. U\u0142atwia codzienne rozczesywanie nawet najbardziej splatanych w\u0142os\u00f3w, gwarantuj\u0105c jednocze\u015bnie spektakularny po\u0142ysk, obj\u0119to\u015b\u0107 i mi\u0119kko\u015b\u0107 w\u0142os\u00f3w. A wszystko to jest mo\u017cliwe przede wszystkim dzi\u0119ki\u00a0<strong>wyj\u0105tkowej koncentracji aktywnych sk\u0142adnik\u00f3w, mleczka manuka, keratyny oraz witamin B1, B3, B5, B6, a tak\u017ce cudotw\u00f3rczych protein jedwabiu<\/strong>.<\/p>\n<p><strong>Spos\u00f3b u\u017cycia:\u00a0<\/strong>rozprowadzi\u0107 na wcze\u015bniej umytych ods\u0105czonych z wilgoci w\u0142osach. Nie sp\u0142ukiwa\u0107.<\/p>\n<p><strong>Pojemno\u015b\u0107:<\/strong>\u00a0150ml<\/p>\n","protected":false},"featured_media":2738,"comment_status":"open","ping_status":"closed","template":"","meta":[],"product_cat":[143],"product_tag":[],"class_list":["post-2737","product","type-product","status-publish","has-post-thumbnail","hentry","pwb-brand-hipertin","product_cat-odzywki-i-maski"],"brands":[{"id":133,"name":"Hipertin","slug":"hipertin"}],"yoast_head":"<!-- This site is optimized with the Yoast SEO plugin v19.10 - https:\/\/yoast.com\/wordpress\/plugins\/seo\/ -->\n<title>Od\u017cywka 12w1 Hipertin The Original 150 ml - HIPERTIN - Profesjonalne produkty Fryzjerskie<\/title>\n<meta name=\"robots\" content=\"index, follow, max-snippet:-1, max-image-preview:large, max-video-preview:-1\" \/>\n<link rel=\"canonical\" href=\"https:\/\/hipertin.dfirma.pl\/index.php\/product\/odzywka-12w1-hipertin-the-original-150-ml\/\" \/>\n<meta property=\"og:locale\" content=\"pl_PL\" \/>\n<meta property=\"og:type\" content=\"article\" \/>\n<meta property=\"og:title\" content=\"Od\u017cywka 12w1 Hipertin The Original 150 ml - HIPERTIN - Profesjonalne produkty Fryzjerskie\" \/>\n<meta property=\"og:description\" content=\"Szukasz wyj\u0105tkowej od\u017cywki do w\u0142os\u00f3w o bardzo szerokim spektrum dzia\u0142ania? Wybierz wi\u0119c\u00a0Hipertin Linecure The Original 12 w1, kt\u00f3ra diametralnie odmieni wygl\u0105d i kondycj\u0119 Twoich w\u0142os\u00f3w.  Jedna od\u017cywka, mn\u00f3stwo korzy\u015bci!  Hipertin Linecure De Original 12 w1 to innowacyjna od\u017cywka, kt\u00f3ra cechuje si\u0119 bardzo szerokim spektrum dzia\u0142ania. Jak si\u0119 bowiem okazuje od\u017cywka nie tylko optymalnie od\u017cywia i doskonale nawil\u017ca w\u0142osy, ale tak\u017ce szybko i sprawnie naprawia zniszczone ko\u0144c\u00f3wki. Co wi\u0119cej, chroni tak\u017ce w\u0142osy przed uci\u0105\u017cliwym puszeniem si\u0119 oraz zabezpiecza pasma w\u0142os\u00f3w przed szkodliwym dzia\u0142aniem wysokiej temperatury emitowanej przez urz\u0105dzenia do stylizacji w\u0142os\u00f3w. Chroni tak\u017ce przed szkodliwym dzia\u0142aniem promieni s\u0142onecznych. U\u0142atwia codzienne rozczesywanie nawet najbardziej splatanych w\u0142os\u00f3w, gwarantuj\u0105c jednocze\u015bnie spektakularny po\u0142ysk, obj\u0119to\u015b\u0107 i mi\u0119kko\u015b\u0107 w\u0142os\u00f3w. A wszystko to jest mo\u017cliwe przede wszystkim dzi\u0119ki\u00a0wyj\u0105tkowej koncentracji aktywnych sk\u0142adnik\u00f3w, mleczka manuka, keratyny oraz witamin B1, B3, B5, B6, a tak\u017ce cudotw\u00f3rczych protein jedwabiu.  Spos\u00f3b u\u017cycia:\u00a0rozprowadzi\u0107 na wcze\u015bniej umytych ods\u0105czonych z wilgoci w\u0142osach. Nie sp\u0142ukiwa\u0107.  Pojemno\u015b\u0107:\u00a0150ml\" \/>\n<meta property=\"og:url\" content=\"https:\/\/hipertin.dfirma.pl\/index.php\/product\/odzywka-12w1-hipertin-the-original-150-ml\/\" \/>\n<meta property=\"og:site_name\" content=\"HIPERTIN - Profesjonalne produkty Fryzjerskie\" \/>\n<meta property=\"article:modified_time\" content=\"2022-06-14T10:22:32+00:00\" \/>\n<meta property=\"og:image\" content=\"https:\/\/hipertin.dfirma.pl\/wp-content\/uploads\/2021\/07\/odzywka-12w1-hipertin-the-original-150-ml-e1636533903429.png\" \/>\n\t<meta property=\"og:image:width\" content=\"600\" \/>\n\t<meta property=\"og:image:height\" content=\"600\" \/>\n\t<meta property=\"og:image:type\" content=\"image\/png\" \/>\n<meta name=\"twitter:card\" content=\"summary_large_image\" \/>\n<meta name=\"twitter:label1\" content=\"Szacowany czas czytania\" \/>\n\t<meta name=\"twitter:data1\" content=\"1 minuta\" \/>\n<script type=\"application\/ld+json\" class=\"yoast-schema-graph\">{\"@context\":\"https:\/\/schema.org\",\"@graph\":[{\"@type\":\"WebPage\",\"@id\":\"https:\/\/hipertin.dfirma.pl\/index.php\/product\/odzywka-12w1-hipertin-the-original-150-ml\/\",\"url\":\"https:\/\/hipertin.dfirma.pl\/index.php\/product\/odzywka-12w1-hipertin-the-original-150-ml\/\",\"name\":\"Od\u017cywka 12w1 Hipertin The Original 150 ml - HIPERTIN - Profesjonalne produkty Fryzjerskie\",\"isPartOf\":{\"@id\":\"https:\/\/hipertin.dfirma.pl\/#website\"},\"datePublished\":\"2021-07-07T14:25:12+00:00\",\"dateModified\":\"2022-06-14T10:22:32+00:00\",\"breadcrumb\":{\"@id\":\"https:\/\/hipertin.dfirma.pl\/index.php\/product\/odzywka-12w1-hipertin-the-original-150-ml\/#breadcrumb\"},\"inLanguage\":\"pl-PL\",\"potentialAction\":[{\"@type\":\"ReadAction\",\"target\":[\"https:\/\/hipertin.dfirma.pl\/index.php\/product\/odzywka-12w1-hipertin-the-original-150-ml\/\"]}]},{\"@type\":\"BreadcrumbList\",\"@id\":\"https:\/\/hipertin.dfirma.pl\/index.php\/product\/odzywka-12w1-hipertin-the-original-150-ml\/#breadcrumb\",\"itemListElement\":[{\"@type\":\"ListItem\",\"position\":1,\"name\":\"Strona g\u0142\u00f3wna\",\"item\":\"https:\/\/hipertin.dfirma.pl\/\"},{\"@type\":\"ListItem\",\"position\":2,\"name\":\"Sklep\",\"item\":\"https:\/\/hipertin.dfirma.pl\/index.php\/sklep\/\"},{\"@type\":\"ListItem\",\"position\":3,\"name\":\"Od\u017cywka 12w1 Hipertin The Original 150 ml\"}]},{\"@type\":\"WebSite\",\"@id\":\"https:\/\/hipertin.dfirma.pl\/#website\",\"url\":\"https:\/\/hipertin.dfirma.pl\/\",\"name\":\"HIPERTIN - Profesjonalne produkty Fryzjerskie\",\"description\":\"\",\"potentialAction\":[{\"@type\":\"SearchAction\",\"target\":{\"@type\":\"EntryPoint\",\"urlTemplate\":\"https:\/\/hipertin.dfirma.pl\/?s={search_term_string}\"},\"query-input\":\"required name=search_term_string\"}],\"inLanguage\":\"pl-PL\"}]}<\/script>\n<!-- \/ Yoast SEO plugin. -->","yoast_head_json":{"title":"Od\u017cywka 12w1 Hipertin The Original 150 ml - HIPERTIN - Profesjonalne produkty Fryzjerskie","robots":{"index":"index","follow":"follow","max-snippet":"max-snippet:-1","max-image-preview":"max-image-preview:large","max-video-preview":"max-video-preview:-1"},"canonical":"https:\/\/hipertin.dfirma.pl\/index.php\/product\/odzywka-12w1-hipertin-the-original-150-ml\/","og_locale":"pl_PL","og_type":"article","og_title":"Od\u017cywka 12w1 Hipertin The Original 150 ml - HIPERTIN - Profesjonalne produkty Fryzjerskie","og_description":"Szukasz wyj\u0105tkowej od\u017cywki do w\u0142os\u00f3w o bardzo szerokim spektrum dzia\u0142ania? Wybierz wi\u0119c\u00a0Hipertin Linecure The Original 12 w1, kt\u00f3ra diametralnie odmieni wygl\u0105d i kondycj\u0119 Twoich w\u0142os\u00f3w.  Jedna od\u017cywka, mn\u00f3stwo korzy\u015bci!  Hipertin Linecure De Original 12 w1 to innowacyjna od\u017cywka, kt\u00f3ra cechuje si\u0119 bardzo szerokim spektrum dzia\u0142ania. Jak si\u0119 bowiem okazuje od\u017cywka nie tylko optymalnie od\u017cywia i doskonale nawil\u017ca w\u0142osy, ale tak\u017ce szybko i sprawnie naprawia zniszczone ko\u0144c\u00f3wki. Co wi\u0119cej, chroni tak\u017ce w\u0142osy przed uci\u0105\u017cliwym puszeniem si\u0119 oraz zabezpiecza pasma w\u0142os\u00f3w przed szkodliwym dzia\u0142aniem wysokiej temperatury emitowanej przez urz\u0105dzenia do stylizacji w\u0142os\u00f3w. Chroni tak\u017ce przed szkodliwym dzia\u0142aniem promieni s\u0142onecznych. U\u0142atwia codzienne rozczesywanie nawet najbardziej splatanych w\u0142os\u00f3w, gwarantuj\u0105c jednocze\u015bnie spektakularny po\u0142ysk, obj\u0119to\u015b\u0107 i mi\u0119kko\u015b\u0107 w\u0142os\u00f3w. A wszystko to jest mo\u017cliwe przede wszystkim dzi\u0119ki\u00a0wyj\u0105tkowej koncentracji aktywnych sk\u0142adnik\u00f3w, mleczka manuka, keratyny oraz witamin B1, B3, B5, B6, a tak\u017ce cudotw\u00f3rczych protein jedwabiu.  Spos\u00f3b u\u017cycia:\u00a0rozprowadzi\u0107 na wcze\u015bniej umytych ods\u0105czonych z wilgoci w\u0142osach. Nie sp\u0142ukiwa\u0107.  Pojemno\u015b\u0107:\u00a0150ml","og_url":"https:\/\/hipertin.dfirma.pl\/index.php\/product\/odzywka-12w1-hipertin-the-original-150-ml\/","og_site_name":"HIPERTIN - Profesjonalne produkty Fryzjerskie","article_modified_time":"2022-06-14T10:22:32+00:00","og_image":[{"width":600,"height":600,"url":"https:\/\/hipertin.dfirma.pl\/wp-content\/uploads\/2021\/07\/odzywka-12w1-hipertin-the-original-150-ml-e1636533903429.png","type":"image\/png"}],"twitter_card":"summary_large_image","twitter_misc":{"Szacowany czas czytania":"1 minuta"},"schema":{"@context":"https:\/\/schema.org","@graph":[{"@type":"WebPage","@id":"https:\/\/hipertin.dfirma.pl\/index.php\/product\/odzywka-12w1-hipertin-the-original-150-ml\/","url":"https:\/\/hipertin.dfirma.pl\/index.php\/product\/odzywka-12w1-hipertin-the-original-150-ml\/","name":"Od\u017cywka 12w1 Hipertin The Original 150 ml - HIPERTIN - Profesjonalne produkty Fryzjerskie","isPartOf":{"@id":"https:\/\/hipertin.dfirma.pl\/#website"},"datePublished":"2021-07-07T14:25:12+00:00","dateModified":"2022-06-14T10:22:32+00:00","breadcrumb":{"@id":"https:\/\/hipertin.dfirma.pl\/index.php\/product\/odzywka-12w1-hipertin-the-original-150-ml\/#breadcrumb"},"inLanguage":"pl-PL","potentialAction":[{"@type":"ReadAction","target":["https:\/\/hipertin.dfirma.pl\/index.php\/product\/odzywka-12w1-hipertin-the-original-150-ml\/"]}]},{"@type":"BreadcrumbList","@id":"https:\/\/hipertin.dfirma.pl\/index.php\/product\/odzywka-12w1-hipertin-the-original-150-ml\/#breadcrumb","itemListElement":[{"@type":"ListItem","position":1,"name":"Strona g\u0142\u00f3wna","item":"https:\/\/hipertin.dfirma.pl\/"},{"@type":"ListItem","position":2,"name":"Sklep","item":"https:\/\/hipertin.dfirma.pl\/index.php\/sklep\/"},{"@type":"ListItem","position":3,"name":"Od\u017cywka 12w1 Hipertin The Original 150 ml"}]},{"@type":"WebSite","@id":"https:\/\/hipertin.dfirma.pl\/#website","url":"https:\/\/hipertin.dfirma.pl\/","name":"HIPERTIN - Profesjonalne produkty Fryzjerskie","description":"","potentialAction":[{"@type":"SearchAction","target":{"@type":"EntryPoint","urlTemplate":"https:\/\/hipertin.dfirma.pl\/?s={search_term_string}"},"query-input":"required name=search_term_string"}],"inLanguage":"pl-PL"}]}},"_links":{"self":[{"href":"https:\/\/hipertin.dfirma.pl\/index.php\/wp-json\/wp\/v2\/product\/2737","targetHints":{"allow":["GET"]}}],"collection":[{"href":"https:\/\/hipertin.dfirma.pl\/index.php\/wp-json\/wp\/v2\/product"}],"about":[{"href":"https:\/\/hipertin.dfirma.pl\/index.php\/wp-json\/wp\/v2\/types\/product"}],"replies":[{"embeddable":true,"href":"https:\/\/hipertin.dfirma.pl\/index.php\/wp-json\/wp\/v2\/comments?post=2737"}],"wp:featuredmedia":[{"embeddable":true,"href":"https:\/\/hipertin.dfirma.pl\/index.php\/wp-json\/wp\/v2\/media\/2738"}],"wp:attachment":[{"href":"https:\/\/hipertin.dfirma.pl\/index.php\/wp-json\/wp\/v2\/media?parent=2737"}],"wp:term":[{"taxonomy":"product_cat","embeddable":true,"href":"https:\/\/hipertin.dfirma.pl\/index.php\/wp-json\/wp\/v2\/product_cat?post=2737"},{"taxonomy":"product_tag","embeddable":true,"href":"https:\/\/hipertin.dfirma.pl\/index.php\/wp-json\/wp\/v2\/product_tag?post=2737"}],"curies":[{"name":"wp","href":"https:\/\/api.w.org\/{rel}","templated":true}]}}