{"id":2764,"date":"2021-07-07T14:45:16","date_gmt":"2021-07-07T14:45:16","guid":{"rendered":"https:\/\/server656728.nazwa.pl\/hipertin\/?post_type=product&#038;p=2764"},"modified":"2022-04-11T11:27:11","modified_gmt":"2022-04-11T11:27:11","slug":"lotion-przywracajacy-rownowage-hipertin-linecure-re-balancing-lotion-200m","status":"publish","type":"product","link":"https:\/\/hipertin.dfirma.pl\/index.php\/product\/lotion-przywracajacy-rownowage-hipertin-linecure-re-balancing-lotion-200m\/","title":{"rendered":"Lotion przywracaj\u0105cy r\u00f3wnowag\u0119 \u2013 Hipertin Linecure Re-Balancing Lotion 200m"},"content":{"rendered":"<p>Szukasz skutecznego lotionu, kt\u00f3ry wyeliminuje \u0142upie\u017c i \u0142ojotok? Wybierz wi\u0119c\u00a0<strong>Hipertin Linecure Re-Balancing Lotion do w\u0142os\u00f3w,<\/strong>\u00a0kt\u00f3ry zaskoczy Ciebie swoj\u0105 skuteczno\u015bci\u0105 i szybko\u015bci\u0105 dzia\u0142ania.<\/p>\n<p><strong>Zwalcza \u0142upie\u017c, reguluje wydzielanie \u0142ojotoku<\/strong><\/p>\n<p>Hipertin Linecure Re-Balancing lotion do w\u0142os\u00f3w to produkt, kt\u00f3ry powsta\u0142 specjalnie z my\u015bl\u0105 o osobach, kt\u00f3re walcz\u0105 z \u0142upie\u017cem, kt\u00f3ry wiecznie do nich powraca. Dzi\u0119ki zawarto\u015bci aktywnych sk\u0142adnik\u00f3w, takich jak:\u00a0<strong>kompleks aminokwas\u00f3w, cysteina oraz ekstrakt z placenty<\/strong>, Hipertin Linecure Re-Balancing Lotion do w\u0142os\u00f3w szybko i skutecznie zwalcza \u0142upie\u017c oraz doskonale reguluje wydzielanie \u0142ojotoku. Ponadto, idealnie poprawia cyrkulacj\u0119 krwi w sk\u00f3rze g\u0142owy oraz wzmacnia struktur\u0119 w\u0142os\u00f3w, kt\u00f3re staj\u0105 si\u0119 bardziej odporne. W efekcie, w\u0142osy b\u0119d\u0105 mocniejsze, zdrowsze, lepiej nawil\u017cone i bardziej witalne. Nie pojawi si\u0119 tak\u017ce uporczywy \u0142upie\u017c, kt\u00f3ry do tej pory tak trudno by\u0142o Ci pokona\u0107.<\/p>\n","protected":false},"excerpt":{"rendered":"<p>Szukasz skutecznego lotionu, kt\u00f3ry wyeliminuje \u0142upie\u017c i \u0142ojotok? Wybierz wi\u0119c\u00a0<strong>Hipertin Linecure Re-Balancing Lotion do w\u0142os\u00f3w,<\/strong>\u00a0kt\u00f3ry zaskoczy Ciebie swoj\u0105 skuteczno\u015bci\u0105 i szybko\u015bci\u0105 dzia\u0142ania.<\/p>\n<p><strong>Zwalcza \u0142upie\u017c, reguluje wydzielanie \u0142ojotoku<\/strong><\/p>\n<p>Hipertin Linecure Re-Balancing lotion do w\u0142os\u00f3w to produkt, kt\u00f3ry powsta\u0142 specjalnie z my\u015bl\u0105 o osobach, kt\u00f3re walcz\u0105 z \u0142upie\u017cem, kt\u00f3ry wiecznie do nich powraca. Dzi\u0119ki zawarto\u015bci aktywnych sk\u0142adnik\u00f3w, takich jak:\u00a0<strong>kompleks aminokwas\u00f3w, cysteina oraz ekstrakt z placenty<\/strong>, Hipertin Linecure Re-Balancing Lotion do w\u0142os\u00f3w szybko i skutecznie zwalcza \u0142upie\u017c oraz doskonale reguluje wydzielanie \u0142ojotoku. Ponadto, idealnie poprawia cyrkulacj\u0119 krwi w sk\u00f3rze g\u0142owy oraz wzmacnia struktur\u0119 w\u0142os\u00f3w, kt\u00f3re staj\u0105 si\u0119 bardziej odporne. W efekcie, w\u0142osy b\u0119d\u0105 mocniejsze, zdrowsze, lepiej nawil\u017cone i bardziej witalne. Nie pojawi si\u0119 tak\u017ce uporczywy \u0142upie\u017c, kt\u00f3ry do tej pory tak trudno by\u0142o Ci pokona\u0107.<\/p>\n<p><strong>Spos\u00f3b u\u017cycia:<\/strong><\/p>\n<p>po umyciu w\u0142os\u00f3w i ods\u0105czeniu nadmiaru wilgoci, spryska\u0107 sk\u00f3r\u0119 g\u0142owy ma\u0142\u0105 ilo\u015bci\u0105 produktu. Nast\u0119pnie produkt delikatnie wmasowa\u0107 w sk\u00f3r\u0119 g\u0142owy. Nie sp\u0142ukiwa\u0107. Mo\u017cna zastosowa\u0107 na such\u0105 sk\u00f3r\u0119 g\u0142owy.<\/p>\n<p><strong>Pojemno\u015b\u0107:<\/strong>\u00a0200ml<\/p>\n","protected":false},"featured_media":2765,"comment_status":"open","ping_status":"closed","template":"","meta":[],"product_cat":[137],"product_tag":[],"class_list":["post-2764","product","type-product","status-publish","has-post-thumbnail","hentry","pwb-brand-hipertin","product_cat-problemy-skory-glowy"],"brands":[{"id":133,"name":"Hipertin","slug":"hipertin"}],"yoast_head":"<!-- This site is optimized with the Yoast SEO plugin v19.10 - https:\/\/yoast.com\/wordpress\/plugins\/seo\/ -->\n<title>Lotion przywracaj\u0105cy r\u00f3wnowag\u0119 \u2013 Hipertin Linecure Re-Balancing Lotion 200m - HIPERTIN - Profesjonalne produkty Fryzjerskie<\/title>\n<meta name=\"robots\" content=\"index, follow, max-snippet:-1, max-image-preview:large, max-video-preview:-1\" \/>\n<link rel=\"canonical\" href=\"https:\/\/hipertin.dfirma.pl\/index.php\/product\/lotion-przywracajacy-rownowage-hipertin-linecure-re-balancing-lotion-200m\/\" \/>\n<meta property=\"og:locale\" content=\"pl_PL\" \/>\n<meta property=\"og:type\" content=\"article\" \/>\n<meta property=\"og:title\" content=\"Lotion przywracaj\u0105cy r\u00f3wnowag\u0119 \u2013 Hipertin Linecure Re-Balancing Lotion 200m - HIPERTIN - Profesjonalne produkty Fryzjerskie\" \/>\n<meta property=\"og:description\" content=\"Szukasz skutecznego lotionu, kt\u00f3ry wyeliminuje \u0142upie\u017c i \u0142ojotok? Wybierz wi\u0119c\u00a0Hipertin Linecure Re-Balancing Lotion do w\u0142os\u00f3w,\u00a0kt\u00f3ry zaskoczy Ciebie swoj\u0105 skuteczno\u015bci\u0105 i szybko\u015bci\u0105 dzia\u0142ania.  Zwalcza \u0142upie\u017c, reguluje wydzielanie \u0142ojotoku  Hipertin Linecure Re-Balancing lotion do w\u0142os\u00f3w to produkt, kt\u00f3ry powsta\u0142 specjalnie z my\u015bl\u0105 o osobach, kt\u00f3re walcz\u0105 z \u0142upie\u017cem, kt\u00f3ry wiecznie do nich powraca. Dzi\u0119ki zawarto\u015bci aktywnych sk\u0142adnik\u00f3w, takich jak:\u00a0kompleks aminokwas\u00f3w, cysteina oraz ekstrakt z placenty, Hipertin Linecure Re-Balancing Lotion do w\u0142os\u00f3w szybko i skutecznie zwalcza \u0142upie\u017c oraz doskonale reguluje wydzielanie \u0142ojotoku. Ponadto, idealnie poprawia cyrkulacj\u0119 krwi w sk\u00f3rze g\u0142owy oraz wzmacnia struktur\u0119 w\u0142os\u00f3w, kt\u00f3re staj\u0105 si\u0119 bardziej odporne. W efekcie, w\u0142osy b\u0119d\u0105 mocniejsze, zdrowsze, lepiej nawil\u017cone i bardziej witalne. Nie pojawi si\u0119 tak\u017ce uporczywy \u0142upie\u017c, kt\u00f3ry do tej pory tak trudno by\u0142o Ci pokona\u0107.  Spos\u00f3b u\u017cycia:  po umyciu w\u0142os\u00f3w i ods\u0105czeniu nadmiaru wilgoci, spryska\u0107 sk\u00f3r\u0119 g\u0142owy ma\u0142\u0105 ilo\u015bci\u0105 produktu. Nast\u0119pnie produkt delikatnie wmasowa\u0107 w sk\u00f3r\u0119 g\u0142owy. Nie sp\u0142ukiwa\u0107. Mo\u017cna zastosowa\u0107 na such\u0105 sk\u00f3r\u0119 g\u0142owy.  Pojemno\u015b\u0107:\u00a0200ml\" \/>\n<meta property=\"og:url\" content=\"https:\/\/hipertin.dfirma.pl\/index.php\/product\/lotion-przywracajacy-rownowage-hipertin-linecure-re-balancing-lotion-200m\/\" \/>\n<meta property=\"og:site_name\" content=\"HIPERTIN - Profesjonalne produkty Fryzjerskie\" \/>\n<meta property=\"article:modified_time\" content=\"2022-04-11T11:27:11+00:00\" \/>\n<meta property=\"og:image\" content=\"https:\/\/hipertin.dfirma.pl\/wp-content\/uploads\/2021\/07\/lioton-przywracajacy-rownowage-hipertin-linecure-re-balancing-lioton-200-ml-1-e1636534021553.png\" \/>\n\t<meta property=\"og:image:width\" content=\"600\" \/>\n\t<meta property=\"og:image:height\" content=\"600\" \/>\n\t<meta property=\"og:image:type\" content=\"image\/png\" \/>\n<meta name=\"twitter:card\" content=\"summary_large_image\" \/>\n<meta name=\"twitter:label1\" content=\"Szacowany czas czytania\" \/>\n\t<meta name=\"twitter:data1\" content=\"1 minuta\" \/>\n<script type=\"application\/ld+json\" class=\"yoast-schema-graph\">{\"@context\":\"https:\/\/schema.org\",\"@graph\":[{\"@type\":\"WebPage\",\"@id\":\"https:\/\/hipertin.dfirma.pl\/index.php\/product\/lotion-przywracajacy-rownowage-hipertin-linecure-re-balancing-lotion-200m\/\",\"url\":\"https:\/\/hipertin.dfirma.pl\/index.php\/product\/lotion-przywracajacy-rownowage-hipertin-linecure-re-balancing-lotion-200m\/\",\"name\":\"Lotion przywracaj\u0105cy r\u00f3wnowag\u0119 \u2013 Hipertin Linecure Re-Balancing Lotion 200m - HIPERTIN - Profesjonalne produkty Fryzjerskie\",\"isPartOf\":{\"@id\":\"https:\/\/hipertin.dfirma.pl\/#website\"},\"datePublished\":\"2021-07-07T14:45:16+00:00\",\"dateModified\":\"2022-04-11T11:27:11+00:00\",\"breadcrumb\":{\"@id\":\"https:\/\/hipertin.dfirma.pl\/index.php\/product\/lotion-przywracajacy-rownowage-hipertin-linecure-re-balancing-lotion-200m\/#breadcrumb\"},\"inLanguage\":\"pl-PL\",\"potentialAction\":[{\"@type\":\"ReadAction\",\"target\":[\"https:\/\/hipertin.dfirma.pl\/index.php\/product\/lotion-przywracajacy-rownowage-hipertin-linecure-re-balancing-lotion-200m\/\"]}]},{\"@type\":\"BreadcrumbList\",\"@id\":\"https:\/\/hipertin.dfirma.pl\/index.php\/product\/lotion-przywracajacy-rownowage-hipertin-linecure-re-balancing-lotion-200m\/#breadcrumb\",\"itemListElement\":[{\"@type\":\"ListItem\",\"position\":1,\"name\":\"Strona g\u0142\u00f3wna\",\"item\":\"https:\/\/hipertin.dfirma.pl\/\"},{\"@type\":\"ListItem\",\"position\":2,\"name\":\"Sklep\",\"item\":\"https:\/\/hipertin.dfirma.pl\/index.php\/sklep\/\"},{\"@type\":\"ListItem\",\"position\":3,\"name\":\"Lotion przywracaj\u0105cy r\u00f3wnowag\u0119 \u2013 Hipertin Linecure Re-Balancing Lotion 200m\"}]},{\"@type\":\"WebSite\",\"@id\":\"https:\/\/hipertin.dfirma.pl\/#website\",\"url\":\"https:\/\/hipertin.dfirma.pl\/\",\"name\":\"HIPERTIN - Profesjonalne produkty Fryzjerskie\",\"description\":\"\",\"potentialAction\":[{\"@type\":\"SearchAction\",\"target\":{\"@type\":\"EntryPoint\",\"urlTemplate\":\"https:\/\/hipertin.dfirma.pl\/?s={search_term_string}\"},\"query-input\":\"required name=search_term_string\"}],\"inLanguage\":\"pl-PL\"}]}<\/script>\n<!-- \/ Yoast SEO plugin. -->","yoast_head_json":{"title":"Lotion przywracaj\u0105cy r\u00f3wnowag\u0119 \u2013 Hipertin Linecure Re-Balancing Lotion 200m - HIPERTIN - Profesjonalne produkty Fryzjerskie","robots":{"index":"index","follow":"follow","max-snippet":"max-snippet:-1","max-image-preview":"max-image-preview:large","max-video-preview":"max-video-preview:-1"},"canonical":"https:\/\/hipertin.dfirma.pl\/index.php\/product\/lotion-przywracajacy-rownowage-hipertin-linecure-re-balancing-lotion-200m\/","og_locale":"pl_PL","og_type":"article","og_title":"Lotion przywracaj\u0105cy r\u00f3wnowag\u0119 \u2013 Hipertin Linecure Re-Balancing Lotion 200m - HIPERTIN - Profesjonalne produkty Fryzjerskie","og_description":"Szukasz skutecznego lotionu, kt\u00f3ry wyeliminuje \u0142upie\u017c i \u0142ojotok? Wybierz wi\u0119c\u00a0Hipertin Linecure Re-Balancing Lotion do w\u0142os\u00f3w,\u00a0kt\u00f3ry zaskoczy Ciebie swoj\u0105 skuteczno\u015bci\u0105 i szybko\u015bci\u0105 dzia\u0142ania.  Zwalcza \u0142upie\u017c, reguluje wydzielanie \u0142ojotoku  Hipertin Linecure Re-Balancing lotion do w\u0142os\u00f3w to produkt, kt\u00f3ry powsta\u0142 specjalnie z my\u015bl\u0105 o osobach, kt\u00f3re walcz\u0105 z \u0142upie\u017cem, kt\u00f3ry wiecznie do nich powraca. Dzi\u0119ki zawarto\u015bci aktywnych sk\u0142adnik\u00f3w, takich jak:\u00a0kompleks aminokwas\u00f3w, cysteina oraz ekstrakt z placenty, Hipertin Linecure Re-Balancing Lotion do w\u0142os\u00f3w szybko i skutecznie zwalcza \u0142upie\u017c oraz doskonale reguluje wydzielanie \u0142ojotoku. Ponadto, idealnie poprawia cyrkulacj\u0119 krwi w sk\u00f3rze g\u0142owy oraz wzmacnia struktur\u0119 w\u0142os\u00f3w, kt\u00f3re staj\u0105 si\u0119 bardziej odporne. W efekcie, w\u0142osy b\u0119d\u0105 mocniejsze, zdrowsze, lepiej nawil\u017cone i bardziej witalne. Nie pojawi si\u0119 tak\u017ce uporczywy \u0142upie\u017c, kt\u00f3ry do tej pory tak trudno by\u0142o Ci pokona\u0107.  Spos\u00f3b u\u017cycia:  po umyciu w\u0142os\u00f3w i ods\u0105czeniu nadmiaru wilgoci, spryska\u0107 sk\u00f3r\u0119 g\u0142owy ma\u0142\u0105 ilo\u015bci\u0105 produktu. Nast\u0119pnie produkt delikatnie wmasowa\u0107 w sk\u00f3r\u0119 g\u0142owy. Nie sp\u0142ukiwa\u0107. Mo\u017cna zastosowa\u0107 na such\u0105 sk\u00f3r\u0119 g\u0142owy.  Pojemno\u015b\u0107:\u00a0200ml","og_url":"https:\/\/hipertin.dfirma.pl\/index.php\/product\/lotion-przywracajacy-rownowage-hipertin-linecure-re-balancing-lotion-200m\/","og_site_name":"HIPERTIN - Profesjonalne produkty Fryzjerskie","article_modified_time":"2022-04-11T11:27:11+00:00","og_image":[{"width":600,"height":600,"url":"https:\/\/hipertin.dfirma.pl\/wp-content\/uploads\/2021\/07\/lioton-przywracajacy-rownowage-hipertin-linecure-re-balancing-lioton-200-ml-1-e1636534021553.png","type":"image\/png"}],"twitter_card":"summary_large_image","twitter_misc":{"Szacowany czas czytania":"1 minuta"},"schema":{"@context":"https:\/\/schema.org","@graph":[{"@type":"WebPage","@id":"https:\/\/hipertin.dfirma.pl\/index.php\/product\/lotion-przywracajacy-rownowage-hipertin-linecure-re-balancing-lotion-200m\/","url":"https:\/\/hipertin.dfirma.pl\/index.php\/product\/lotion-przywracajacy-rownowage-hipertin-linecure-re-balancing-lotion-200m\/","name":"Lotion przywracaj\u0105cy r\u00f3wnowag\u0119 \u2013 Hipertin Linecure Re-Balancing Lotion 200m - HIPERTIN - Profesjonalne produkty Fryzjerskie","isPartOf":{"@id":"https:\/\/hipertin.dfirma.pl\/#website"},"datePublished":"2021-07-07T14:45:16+00:00","dateModified":"2022-04-11T11:27:11+00:00","breadcrumb":{"@id":"https:\/\/hipertin.dfirma.pl\/index.php\/product\/lotion-przywracajacy-rownowage-hipertin-linecure-re-balancing-lotion-200m\/#breadcrumb"},"inLanguage":"pl-PL","potentialAction":[{"@type":"ReadAction","target":["https:\/\/hipertin.dfirma.pl\/index.php\/product\/lotion-przywracajacy-rownowage-hipertin-linecure-re-balancing-lotion-200m\/"]}]},{"@type":"BreadcrumbList","@id":"https:\/\/hipertin.dfirma.pl\/index.php\/product\/lotion-przywracajacy-rownowage-hipertin-linecure-re-balancing-lotion-200m\/#breadcrumb","itemListElement":[{"@type":"ListItem","position":1,"name":"Strona g\u0142\u00f3wna","item":"https:\/\/hipertin.dfirma.pl\/"},{"@type":"ListItem","position":2,"name":"Sklep","item":"https:\/\/hipertin.dfirma.pl\/index.php\/sklep\/"},{"@type":"ListItem","position":3,"name":"Lotion przywracaj\u0105cy r\u00f3wnowag\u0119 \u2013 Hipertin Linecure Re-Balancing Lotion 200m"}]},{"@type":"WebSite","@id":"https:\/\/hipertin.dfirma.pl\/#website","url":"https:\/\/hipertin.dfirma.pl\/","name":"HIPERTIN - Profesjonalne produkty Fryzjerskie","description":"","potentialAction":[{"@type":"SearchAction","target":{"@type":"EntryPoint","urlTemplate":"https:\/\/hipertin.dfirma.pl\/?s={search_term_string}"},"query-input":"required name=search_term_string"}],"inLanguage":"pl-PL"}]}},"_links":{"self":[{"href":"https:\/\/hipertin.dfirma.pl\/index.php\/wp-json\/wp\/v2\/product\/2764","targetHints":{"allow":["GET"]}}],"collection":[{"href":"https:\/\/hipertin.dfirma.pl\/index.php\/wp-json\/wp\/v2\/product"}],"about":[{"href":"https:\/\/hipertin.dfirma.pl\/index.php\/wp-json\/wp\/v2\/types\/product"}],"replies":[{"embeddable":true,"href":"https:\/\/hipertin.dfirma.pl\/index.php\/wp-json\/wp\/v2\/comments?post=2764"}],"wp:featuredmedia":[{"embeddable":true,"href":"https:\/\/hipertin.dfirma.pl\/index.php\/wp-json\/wp\/v2\/media\/2765"}],"wp:attachment":[{"href":"https:\/\/hipertin.dfirma.pl\/index.php\/wp-json\/wp\/v2\/media?parent=2764"}],"wp:term":[{"taxonomy":"product_cat","embeddable":true,"href":"https:\/\/hipertin.dfirma.pl\/index.php\/wp-json\/wp\/v2\/product_cat?post=2764"},{"taxonomy":"product_tag","embeddable":true,"href":"https:\/\/hipertin.dfirma.pl\/index.php\/wp-json\/wp\/v2\/product_tag?post=2764"}],"curies":[{"name":"wp","href":"https:\/\/api.w.org\/{rel}","templated":true}]}}