{"id":2793,"date":"2021-07-08T09:55:36","date_gmt":"2021-07-08T09:55:36","guid":{"rendered":"https:\/\/server656728.nazwa.pl\/hipertin\/?post_type=product&#038;p=2793"},"modified":"2021-10-22T13:20:29","modified_gmt":"2021-10-22T13:20:29","slug":"pianka-3-hipertin-mousse-extra-strong-3-250ml","status":"publish","type":"product","link":"https:\/\/hipertin.dfirma.pl\/index.php\/product\/pianka-3-hipertin-mousse-extra-strong-3-250ml\/","title":{"rendered":"Pianka \u201e3\u201d Hipertin \u2013 Mousse Extra Strong \u201c3\u201d 250ml"},"content":{"rendered":"<p>Hipertin Hi-Style Mousse Extra Strong 3 to wyj\u0105tkowo mocna pianka, kt\u00f3ra idealnie sprawdzi si\u0119 w przypadku ka\u017cdego rodzaju w\u0142os\u00f3w, zapewniaj\u0105c wiele mo\u017cliwo\u015bci stylizacji. I tak, je\u015bli na przyk\u0142ad, masz cienkie i delikatne w\u0142osy, to pianka idealnie utrwali Twoj\u0105 fryzur\u0119, a tak\u017ce znacznie zwi\u0119kszy obj\u0119to\u015b\u0107 w\u0142os\u00f3w. W przypadku w\u0142os\u00f3w kr\u0119conych, podkre\u015bli skr\u0119t lok\u00f3w i je zdefiniuje. Innowacyjna formu\u0142a pianki dzi\u0119ki zawarto\u015bci prowitaminy B3 oraz Mleczka Manuka, ma silne w\u0142a\u015bciwo\u015bci nawil\u017caj\u0105ce i od\u017cywcze. Dlatego te\u017c po u\u017cyciu, zauwa\u017cysz, \u017ce Twoje w\u0142osy s\u0105 wyra\u017anie zdrowsze, mocniejsze i bardziej elastyczne. Poczujesz ich niesamowit\u0105 mi\u0119kko\u015b\u0107 za ka\u017cdym razem, kiedy je dotkniesz.<\/p>\n<p>Spos\u00f3b u\u017cycia: przed u\u017cyciem wstrz\u0105sn\u0105\u0107. Na\u0142o\u017cy\u0107 odpowiedni\u0105 ilo\u015b\u0107 produktu na wilgotne w\u0142osy. Nie sp\u0142ukiwa\u0107. Przyst\u0105pi\u0107 do modelowania w\u0142os\u00f3w.<\/p>\n<p>Pojemno\u015b\u0107: 250ml<\/p>\n","protected":false},"excerpt":{"rendered":"<p>Hipertin Hi-Style Mousse Extra Strong 3 to wyj\u0105tkowo mocna pianka, kt\u00f3ra idealnie sprawdzi si\u0119 w przypadku ka\u017cdego rodzaju w\u0142os\u00f3w, zapewniaj\u0105c wiele mo\u017cliwo\u015bci stylizacji. I tak, je\u015bli na przyk\u0142ad, masz cienkie i delikatne w\u0142osy, to pianka idealnie utrwali Twoj\u0105 fryzur\u0119, a tak\u017ce znacznie zwi\u0119kszy obj\u0119to\u015b\u0107 w\u0142os\u00f3w. W przypadku w\u0142os\u00f3w kr\u0119conych, podkre\u015bli skr\u0119t lok\u00f3w i je zdefiniuje. Innowacyjna formu\u0142a pianki dzi\u0119ki zawarto\u015bci prowitaminy B3 oraz Mleczka Manuka, ma silne w\u0142a\u015bciwo\u015bci nawil\u017caj\u0105ce i od\u017cywcze. Dlatego te\u017c po u\u017cyciu, zauwa\u017cysz, \u017ce Twoje w\u0142osy s\u0105 wyra\u017anie zdrowsze, mocniejsze i bardziej elastyczne. Poczujesz ich niesamowit\u0105 mi\u0119kko\u015b\u0107 za ka\u017cdym razem, kiedy je dotkniesz.<\/p>\n","protected":false},"featured_media":2794,"comment_status":"open","ping_status":"closed","template":"","meta":[],"product_cat":[139],"product_tag":[],"class_list":["post-2793","product","type-product","status-publish","has-post-thumbnail","hentry","pwb-brand-hipertin","product_cat-stylizacja","product_shipping_class-darmowa-wysylka"],"brands":[{"id":133,"name":"Hipertin","slug":"hipertin"}],"yoast_head":"<!-- This site is optimized with the Yoast SEO plugin v19.10 - https:\/\/yoast.com\/wordpress\/plugins\/seo\/ -->\n<title>Pianka \u201e3\u201d Hipertin \u2013 Mousse Extra Strong \u201c3\u201d 250ml - HIPERTIN - Profesjonalne produkty Fryzjerskie<\/title>\n<meta name=\"robots\" content=\"index, follow, max-snippet:-1, max-image-preview:large, max-video-preview:-1\" \/>\n<link rel=\"canonical\" href=\"https:\/\/hipertin.dfirma.pl\/index.php\/product\/pianka-3-hipertin-mousse-extra-strong-3-250ml\/\" \/>\n<meta property=\"og:locale\" content=\"pl_PL\" \/>\n<meta property=\"og:type\" content=\"article\" \/>\n<meta property=\"og:title\" content=\"Pianka \u201e3\u201d Hipertin \u2013 Mousse Extra Strong \u201c3\u201d 250ml - HIPERTIN - Profesjonalne produkty Fryzjerskie\" \/>\n<meta property=\"og:description\" content=\"Hipertin Hi-Style Mousse Extra Strong 3 to wyj\u0105tkowo mocna pianka, kt\u00f3ra idealnie sprawdzi si\u0119 w przypadku ka\u017cdego rodzaju w\u0142os\u00f3w, zapewniaj\u0105c wiele mo\u017cliwo\u015bci stylizacji. I tak, je\u015bli na przyk\u0142ad, masz cienkie i delikatne w\u0142osy, to pianka idealnie utrwali Twoj\u0105 fryzur\u0119, a tak\u017ce znacznie zwi\u0119kszy obj\u0119to\u015b\u0107 w\u0142os\u00f3w. W przypadku w\u0142os\u00f3w kr\u0119conych, podkre\u015bli skr\u0119t lok\u00f3w i je zdefiniuje. Innowacyjna formu\u0142a pianki dzi\u0119ki zawarto\u015bci prowitaminy B3 oraz Mleczka Manuka, ma silne w\u0142a\u015bciwo\u015bci nawil\u017caj\u0105ce i od\u017cywcze. Dlatego te\u017c po u\u017cyciu, zauwa\u017cysz, \u017ce Twoje w\u0142osy s\u0105 wyra\u017anie zdrowsze, mocniejsze i bardziej elastyczne. Poczujesz ich niesamowit\u0105 mi\u0119kko\u015b\u0107 za ka\u017cdym razem, kiedy je dotkniesz.\" \/>\n<meta property=\"og:url\" content=\"https:\/\/hipertin.dfirma.pl\/index.php\/product\/pianka-3-hipertin-mousse-extra-strong-3-250ml\/\" \/>\n<meta property=\"og:site_name\" content=\"HIPERTIN - Profesjonalne produkty Fryzjerskie\" \/>\n<meta property=\"article:modified_time\" content=\"2021-10-22T13:20:29+00:00\" \/>\n<meta property=\"og:image\" content=\"https:\/\/hipertin.dfirma.pl\/wp-content\/uploads\/2021\/07\/pianka-3-hipertin-mousse-strong-3-250ml-e1636534273692.png\" \/>\n\t<meta property=\"og:image:width\" content=\"600\" \/>\n\t<meta property=\"og:image:height\" content=\"600\" \/>\n\t<meta property=\"og:image:type\" content=\"image\/png\" \/>\n<meta name=\"twitter:card\" content=\"summary_large_image\" \/>\n<meta name=\"twitter:label1\" content=\"Szacowany czas czytania\" \/>\n\t<meta name=\"twitter:data1\" content=\"1 minuta\" \/>\n<script type=\"application\/ld+json\" class=\"yoast-schema-graph\">{\"@context\":\"https:\/\/schema.org\",\"@graph\":[{\"@type\":\"WebPage\",\"@id\":\"https:\/\/hipertin.dfirma.pl\/index.php\/product\/pianka-3-hipertin-mousse-extra-strong-3-250ml\/\",\"url\":\"https:\/\/hipertin.dfirma.pl\/index.php\/product\/pianka-3-hipertin-mousse-extra-strong-3-250ml\/\",\"name\":\"Pianka \u201e3\u201d Hipertin \u2013 Mousse Extra Strong \u201c3\u201d 250ml - HIPERTIN - Profesjonalne produkty Fryzjerskie\",\"isPartOf\":{\"@id\":\"https:\/\/hipertin.dfirma.pl\/#website\"},\"datePublished\":\"2021-07-08T09:55:36+00:00\",\"dateModified\":\"2021-10-22T13:20:29+00:00\",\"breadcrumb\":{\"@id\":\"https:\/\/hipertin.dfirma.pl\/index.php\/product\/pianka-3-hipertin-mousse-extra-strong-3-250ml\/#breadcrumb\"},\"inLanguage\":\"pl-PL\",\"potentialAction\":[{\"@type\":\"ReadAction\",\"target\":[\"https:\/\/hipertin.dfirma.pl\/index.php\/product\/pianka-3-hipertin-mousse-extra-strong-3-250ml\/\"]}]},{\"@type\":\"BreadcrumbList\",\"@id\":\"https:\/\/hipertin.dfirma.pl\/index.php\/product\/pianka-3-hipertin-mousse-extra-strong-3-250ml\/#breadcrumb\",\"itemListElement\":[{\"@type\":\"ListItem\",\"position\":1,\"name\":\"Strona g\u0142\u00f3wna\",\"item\":\"https:\/\/hipertin.dfirma.pl\/\"},{\"@type\":\"ListItem\",\"position\":2,\"name\":\"Sklep\",\"item\":\"https:\/\/hipertin.dfirma.pl\/index.php\/sklep\/\"},{\"@type\":\"ListItem\",\"position\":3,\"name\":\"Pianka \u201e3\u201d Hipertin \u2013 Mousse Extra Strong \u201c3\u201d 250ml\"}]},{\"@type\":\"WebSite\",\"@id\":\"https:\/\/hipertin.dfirma.pl\/#website\",\"url\":\"https:\/\/hipertin.dfirma.pl\/\",\"name\":\"HIPERTIN - Profesjonalne produkty Fryzjerskie\",\"description\":\"\",\"potentialAction\":[{\"@type\":\"SearchAction\",\"target\":{\"@type\":\"EntryPoint\",\"urlTemplate\":\"https:\/\/hipertin.dfirma.pl\/?s={search_term_string}\"},\"query-input\":\"required name=search_term_string\"}],\"inLanguage\":\"pl-PL\"}]}<\/script>\n<!-- \/ Yoast SEO plugin. -->","yoast_head_json":{"title":"Pianka \u201e3\u201d Hipertin \u2013 Mousse Extra Strong \u201c3\u201d 250ml - HIPERTIN - Profesjonalne produkty Fryzjerskie","robots":{"index":"index","follow":"follow","max-snippet":"max-snippet:-1","max-image-preview":"max-image-preview:large","max-video-preview":"max-video-preview:-1"},"canonical":"https:\/\/hipertin.dfirma.pl\/index.php\/product\/pianka-3-hipertin-mousse-extra-strong-3-250ml\/","og_locale":"pl_PL","og_type":"article","og_title":"Pianka \u201e3\u201d Hipertin \u2013 Mousse Extra Strong \u201c3\u201d 250ml - HIPERTIN - Profesjonalne produkty Fryzjerskie","og_description":"Hipertin Hi-Style Mousse Extra Strong 3 to wyj\u0105tkowo mocna pianka, kt\u00f3ra idealnie sprawdzi si\u0119 w przypadku ka\u017cdego rodzaju w\u0142os\u00f3w, zapewniaj\u0105c wiele mo\u017cliwo\u015bci stylizacji. I tak, je\u015bli na przyk\u0142ad, masz cienkie i delikatne w\u0142osy, to pianka idealnie utrwali Twoj\u0105 fryzur\u0119, a tak\u017ce znacznie zwi\u0119kszy obj\u0119to\u015b\u0107 w\u0142os\u00f3w. W przypadku w\u0142os\u00f3w kr\u0119conych, podkre\u015bli skr\u0119t lok\u00f3w i je zdefiniuje. Innowacyjna formu\u0142a pianki dzi\u0119ki zawarto\u015bci prowitaminy B3 oraz Mleczka Manuka, ma silne w\u0142a\u015bciwo\u015bci nawil\u017caj\u0105ce i od\u017cywcze. Dlatego te\u017c po u\u017cyciu, zauwa\u017cysz, \u017ce Twoje w\u0142osy s\u0105 wyra\u017anie zdrowsze, mocniejsze i bardziej elastyczne. Poczujesz ich niesamowit\u0105 mi\u0119kko\u015b\u0107 za ka\u017cdym razem, kiedy je dotkniesz.","og_url":"https:\/\/hipertin.dfirma.pl\/index.php\/product\/pianka-3-hipertin-mousse-extra-strong-3-250ml\/","og_site_name":"HIPERTIN - Profesjonalne produkty Fryzjerskie","article_modified_time":"2021-10-22T13:20:29+00:00","og_image":[{"width":600,"height":600,"url":"https:\/\/hipertin.dfirma.pl\/wp-content\/uploads\/2021\/07\/pianka-3-hipertin-mousse-strong-3-250ml-e1636534273692.png","type":"image\/png"}],"twitter_card":"summary_large_image","twitter_misc":{"Szacowany czas czytania":"1 minuta"},"schema":{"@context":"https:\/\/schema.org","@graph":[{"@type":"WebPage","@id":"https:\/\/hipertin.dfirma.pl\/index.php\/product\/pianka-3-hipertin-mousse-extra-strong-3-250ml\/","url":"https:\/\/hipertin.dfirma.pl\/index.php\/product\/pianka-3-hipertin-mousse-extra-strong-3-250ml\/","name":"Pianka \u201e3\u201d Hipertin \u2013 Mousse Extra Strong \u201c3\u201d 250ml - HIPERTIN - Profesjonalne produkty Fryzjerskie","isPartOf":{"@id":"https:\/\/hipertin.dfirma.pl\/#website"},"datePublished":"2021-07-08T09:55:36+00:00","dateModified":"2021-10-22T13:20:29+00:00","breadcrumb":{"@id":"https:\/\/hipertin.dfirma.pl\/index.php\/product\/pianka-3-hipertin-mousse-extra-strong-3-250ml\/#breadcrumb"},"inLanguage":"pl-PL","potentialAction":[{"@type":"ReadAction","target":["https:\/\/hipertin.dfirma.pl\/index.php\/product\/pianka-3-hipertin-mousse-extra-strong-3-250ml\/"]}]},{"@type":"BreadcrumbList","@id":"https:\/\/hipertin.dfirma.pl\/index.php\/product\/pianka-3-hipertin-mousse-extra-strong-3-250ml\/#breadcrumb","itemListElement":[{"@type":"ListItem","position":1,"name":"Strona g\u0142\u00f3wna","item":"https:\/\/hipertin.dfirma.pl\/"},{"@type":"ListItem","position":2,"name":"Sklep","item":"https:\/\/hipertin.dfirma.pl\/index.php\/sklep\/"},{"@type":"ListItem","position":3,"name":"Pianka \u201e3\u201d Hipertin \u2013 Mousse Extra Strong \u201c3\u201d 250ml"}]},{"@type":"WebSite","@id":"https:\/\/hipertin.dfirma.pl\/#website","url":"https:\/\/hipertin.dfirma.pl\/","name":"HIPERTIN - Profesjonalne produkty Fryzjerskie","description":"","potentialAction":[{"@type":"SearchAction","target":{"@type":"EntryPoint","urlTemplate":"https:\/\/hipertin.dfirma.pl\/?s={search_term_string}"},"query-input":"required name=search_term_string"}],"inLanguage":"pl-PL"}]}},"_links":{"self":[{"href":"https:\/\/hipertin.dfirma.pl\/index.php\/wp-json\/wp\/v2\/product\/2793","targetHints":{"allow":["GET"]}}],"collection":[{"href":"https:\/\/hipertin.dfirma.pl\/index.php\/wp-json\/wp\/v2\/product"}],"about":[{"href":"https:\/\/hipertin.dfirma.pl\/index.php\/wp-json\/wp\/v2\/types\/product"}],"replies":[{"embeddable":true,"href":"https:\/\/hipertin.dfirma.pl\/index.php\/wp-json\/wp\/v2\/comments?post=2793"}],"wp:featuredmedia":[{"embeddable":true,"href":"https:\/\/hipertin.dfirma.pl\/index.php\/wp-json\/wp\/v2\/media\/2794"}],"wp:attachment":[{"href":"https:\/\/hipertin.dfirma.pl\/index.php\/wp-json\/wp\/v2\/media?parent=2793"}],"wp:term":[{"taxonomy":"product_cat","embeddable":true,"href":"https:\/\/hipertin.dfirma.pl\/index.php\/wp-json\/wp\/v2\/product_cat?post=2793"},{"taxonomy":"product_tag","embeddable":true,"href":"https:\/\/hipertin.dfirma.pl\/index.php\/wp-json\/wp\/v2\/product_tag?post=2793"}],"curies":[{"name":"wp","href":"https:\/\/api.w.org\/{rel}","templated":true}]}}