{"id":2799,"date":"2021-07-08T09:59:45","date_gmt":"2021-07-08T09:59:45","guid":{"rendered":"https:\/\/server656728.nazwa.pl\/hipertin\/?post_type=product&#038;p=2799"},"modified":"2021-11-10T09:01:57","modified_gmt":"2021-11-10T09:01:57","slug":"zel-bardzo-mocny-hipertin-225ml","status":"publish","type":"product","link":"https:\/\/hipertin.dfirma.pl\/index.php\/product\/zel-bardzo-mocny-hipertin-225ml\/","title":{"rendered":"\u017bel Bardzo Mocny Hipertin 225ml"},"content":{"rendered":"<p>S\u0142abe, zniszczone i matowe w\u0142osy to problem dnia codziennego wielu os\u00f3b. Na taki efekt ma wp\u0142yw wiele czynnik\u00f3w, mi\u0119dzy innymi nieprawid\u0142owa dieta oraz niestarannie dobrana piel\u0119gnacja. O ten drugi aspekt niezwykle trudno, gdy\u017c na rynku dost\u0119pnych jest wiele preparat\u00f3w, kt\u00f3re cz\u0119sto zamiast pom\u00f3c, zaogniaj\u0105 problemy sk\u00f3ry g\u0142owy i powoduj\u0105 nadmiernie wypadnie w\u0142os\u00f3w. Z tego wzgl\u0119du wato zdecydowa\u0107 si\u0119 na preparaty marki Hipertin, kt\u00f3rych sk\u0142ad bazuje na naturalnych sk\u0142adnikach.<\/p>\n","protected":false},"excerpt":{"rendered":"<p>\u2022 Produkt wega\u0144ski \u2022 Po\u0142\u0105czenie sk\u0142adnik\u00f3w kt\u00f3re utrzymuj\u0105 naturalne nawil\u017cenie \u2022 Do stosowania na w\u0142osy mokre lub suche \u2022 Bardzo Mocny (3) i trwa\u0142y efekt \u2022 Ulepszony sk\u0142ad i konsystencja \u2022 Szybkie zastosowanie i efekt \u2022 Pojemno\u015b\u0107 225ml + Zakr\u0119tka zapobiegaj\u0105ca kapaniu.<\/p>\n","protected":false},"featured_media":2800,"comment_status":"open","ping_status":"closed","template":"","meta":[],"product_cat":[139],"product_tag":[],"class_list":["post-2799","product","type-product","status-publish","has-post-thumbnail","hentry","pwb-brand-hipertin","product_cat-stylizacja","product_shipping_class-darmowa-wysylka"],"brands":[{"id":133,"name":"Hipertin","slug":"hipertin"}],"yoast_head":"<!-- This site is optimized with the Yoast SEO plugin v19.10 - https:\/\/yoast.com\/wordpress\/plugins\/seo\/ -->\n<title>\u017bel Bardzo Mocny Hipertin 225ml - HIPERTIN - Profesjonalne produkty Fryzjerskie<\/title>\n<meta name=\"robots\" content=\"index, follow, max-snippet:-1, max-image-preview:large, max-video-preview:-1\" \/>\n<link rel=\"canonical\" href=\"https:\/\/hipertin.dfirma.pl\/index.php\/product\/zel-bardzo-mocny-hipertin-225ml\/\" \/>\n<meta property=\"og:locale\" content=\"pl_PL\" \/>\n<meta property=\"og:type\" content=\"article\" \/>\n<meta property=\"og:title\" content=\"\u017bel Bardzo Mocny Hipertin 225ml - HIPERTIN - Profesjonalne produkty Fryzjerskie\" \/>\n<meta property=\"og:description\" content=\"\u2022 Produkt wega\u0144ski \u2022 Po\u0142\u0105czenie sk\u0142adnik\u00f3w kt\u00f3re utrzymuj\u0105 naturalne nawil\u017cenie \u2022 Do stosowania na w\u0142osy mokre lub suche \u2022 Bardzo Mocny (3) i trwa\u0142y efekt \u2022 Ulepszony sk\u0142ad i konsystencja \u2022 Szybkie zastosowanie i efekt \u2022 Pojemno\u015b\u0107 225ml + Zakr\u0119tka zapobiegaj\u0105ca kapaniu.\" \/>\n<meta property=\"og:url\" content=\"https:\/\/hipertin.dfirma.pl\/index.php\/product\/zel-bardzo-mocny-hipertin-225ml\/\" \/>\n<meta property=\"og:site_name\" content=\"HIPERTIN - Profesjonalne produkty Fryzjerskie\" \/>\n<meta property=\"article:modified_time\" content=\"2021-11-10T09:01:57+00:00\" \/>\n<meta property=\"og:image\" content=\"https:\/\/hipertin.dfirma.pl\/wp-content\/uploads\/2021\/07\/zel-bardzo-mocny-hipertin-225ml-e1636534284674.png\" \/>\n\t<meta property=\"og:image:width\" content=\"600\" \/>\n\t<meta property=\"og:image:height\" content=\"600\" \/>\n\t<meta property=\"og:image:type\" content=\"image\/png\" \/>\n<meta name=\"twitter:card\" content=\"summary_large_image\" \/>\n<script type=\"application\/ld+json\" class=\"yoast-schema-graph\">{\"@context\":\"https:\/\/schema.org\",\"@graph\":[{\"@type\":\"WebPage\",\"@id\":\"https:\/\/hipertin.dfirma.pl\/index.php\/product\/zel-bardzo-mocny-hipertin-225ml\/\",\"url\":\"https:\/\/hipertin.dfirma.pl\/index.php\/product\/zel-bardzo-mocny-hipertin-225ml\/\",\"name\":\"\u017bel Bardzo Mocny Hipertin 225ml - HIPERTIN - Profesjonalne produkty Fryzjerskie\",\"isPartOf\":{\"@id\":\"https:\/\/hipertin.dfirma.pl\/#website\"},\"datePublished\":\"2021-07-08T09:59:45+00:00\",\"dateModified\":\"2021-11-10T09:01:57+00:00\",\"breadcrumb\":{\"@id\":\"https:\/\/hipertin.dfirma.pl\/index.php\/product\/zel-bardzo-mocny-hipertin-225ml\/#breadcrumb\"},\"inLanguage\":\"pl-PL\",\"potentialAction\":[{\"@type\":\"ReadAction\",\"target\":[\"https:\/\/hipertin.dfirma.pl\/index.php\/product\/zel-bardzo-mocny-hipertin-225ml\/\"]}]},{\"@type\":\"BreadcrumbList\",\"@id\":\"https:\/\/hipertin.dfirma.pl\/index.php\/product\/zel-bardzo-mocny-hipertin-225ml\/#breadcrumb\",\"itemListElement\":[{\"@type\":\"ListItem\",\"position\":1,\"name\":\"Strona g\u0142\u00f3wna\",\"item\":\"https:\/\/hipertin.dfirma.pl\/\"},{\"@type\":\"ListItem\",\"position\":2,\"name\":\"Sklep\",\"item\":\"https:\/\/hipertin.dfirma.pl\/index.php\/sklep\/\"},{\"@type\":\"ListItem\",\"position\":3,\"name\":\"\u017bel Bardzo Mocny Hipertin 225ml\"}]},{\"@type\":\"WebSite\",\"@id\":\"https:\/\/hipertin.dfirma.pl\/#website\",\"url\":\"https:\/\/hipertin.dfirma.pl\/\",\"name\":\"HIPERTIN - Profesjonalne produkty Fryzjerskie\",\"description\":\"\",\"potentialAction\":[{\"@type\":\"SearchAction\",\"target\":{\"@type\":\"EntryPoint\",\"urlTemplate\":\"https:\/\/hipertin.dfirma.pl\/?s={search_term_string}\"},\"query-input\":\"required name=search_term_string\"}],\"inLanguage\":\"pl-PL\"}]}<\/script>\n<!-- \/ Yoast SEO plugin. -->","yoast_head_json":{"title":"\u017bel Bardzo Mocny Hipertin 225ml - HIPERTIN - Profesjonalne produkty Fryzjerskie","robots":{"index":"index","follow":"follow","max-snippet":"max-snippet:-1","max-image-preview":"max-image-preview:large","max-video-preview":"max-video-preview:-1"},"canonical":"https:\/\/hipertin.dfirma.pl\/index.php\/product\/zel-bardzo-mocny-hipertin-225ml\/","og_locale":"pl_PL","og_type":"article","og_title":"\u017bel Bardzo Mocny Hipertin 225ml - HIPERTIN - Profesjonalne produkty Fryzjerskie","og_description":"\u2022 Produkt wega\u0144ski \u2022 Po\u0142\u0105czenie sk\u0142adnik\u00f3w kt\u00f3re utrzymuj\u0105 naturalne nawil\u017cenie \u2022 Do stosowania na w\u0142osy mokre lub suche \u2022 Bardzo Mocny (3) i trwa\u0142y efekt \u2022 Ulepszony sk\u0142ad i konsystencja \u2022 Szybkie zastosowanie i efekt \u2022 Pojemno\u015b\u0107 225ml + Zakr\u0119tka zapobiegaj\u0105ca kapaniu.","og_url":"https:\/\/hipertin.dfirma.pl\/index.php\/product\/zel-bardzo-mocny-hipertin-225ml\/","og_site_name":"HIPERTIN - Profesjonalne produkty Fryzjerskie","article_modified_time":"2021-11-10T09:01:57+00:00","og_image":[{"width":600,"height":600,"url":"https:\/\/hipertin.dfirma.pl\/wp-content\/uploads\/2021\/07\/zel-bardzo-mocny-hipertin-225ml-e1636534284674.png","type":"image\/png"}],"twitter_card":"summary_large_image","schema":{"@context":"https:\/\/schema.org","@graph":[{"@type":"WebPage","@id":"https:\/\/hipertin.dfirma.pl\/index.php\/product\/zel-bardzo-mocny-hipertin-225ml\/","url":"https:\/\/hipertin.dfirma.pl\/index.php\/product\/zel-bardzo-mocny-hipertin-225ml\/","name":"\u017bel Bardzo Mocny Hipertin 225ml - HIPERTIN - Profesjonalne produkty Fryzjerskie","isPartOf":{"@id":"https:\/\/hipertin.dfirma.pl\/#website"},"datePublished":"2021-07-08T09:59:45+00:00","dateModified":"2021-11-10T09:01:57+00:00","breadcrumb":{"@id":"https:\/\/hipertin.dfirma.pl\/index.php\/product\/zel-bardzo-mocny-hipertin-225ml\/#breadcrumb"},"inLanguage":"pl-PL","potentialAction":[{"@type":"ReadAction","target":["https:\/\/hipertin.dfirma.pl\/index.php\/product\/zel-bardzo-mocny-hipertin-225ml\/"]}]},{"@type":"BreadcrumbList","@id":"https:\/\/hipertin.dfirma.pl\/index.php\/product\/zel-bardzo-mocny-hipertin-225ml\/#breadcrumb","itemListElement":[{"@type":"ListItem","position":1,"name":"Strona g\u0142\u00f3wna","item":"https:\/\/hipertin.dfirma.pl\/"},{"@type":"ListItem","position":2,"name":"Sklep","item":"https:\/\/hipertin.dfirma.pl\/index.php\/sklep\/"},{"@type":"ListItem","position":3,"name":"\u017bel Bardzo Mocny Hipertin 225ml"}]},{"@type":"WebSite","@id":"https:\/\/hipertin.dfirma.pl\/#website","url":"https:\/\/hipertin.dfirma.pl\/","name":"HIPERTIN - Profesjonalne produkty Fryzjerskie","description":"","potentialAction":[{"@type":"SearchAction","target":{"@type":"EntryPoint","urlTemplate":"https:\/\/hipertin.dfirma.pl\/?s={search_term_string}"},"query-input":"required name=search_term_string"}],"inLanguage":"pl-PL"}]}},"_links":{"self":[{"href":"https:\/\/hipertin.dfirma.pl\/index.php\/wp-json\/wp\/v2\/product\/2799","targetHints":{"allow":["GET"]}}],"collection":[{"href":"https:\/\/hipertin.dfirma.pl\/index.php\/wp-json\/wp\/v2\/product"}],"about":[{"href":"https:\/\/hipertin.dfirma.pl\/index.php\/wp-json\/wp\/v2\/types\/product"}],"replies":[{"embeddable":true,"href":"https:\/\/hipertin.dfirma.pl\/index.php\/wp-json\/wp\/v2\/comments?post=2799"}],"wp:featuredmedia":[{"embeddable":true,"href":"https:\/\/hipertin.dfirma.pl\/index.php\/wp-json\/wp\/v2\/media\/2800"}],"wp:attachment":[{"href":"https:\/\/hipertin.dfirma.pl\/index.php\/wp-json\/wp\/v2\/media?parent=2799"}],"wp:term":[{"taxonomy":"product_cat","embeddable":true,"href":"https:\/\/hipertin.dfirma.pl\/index.php\/wp-json\/wp\/v2\/product_cat?post=2799"},{"taxonomy":"product_tag","embeddable":true,"href":"https:\/\/hipertin.dfirma.pl\/index.php\/wp-json\/wp\/v2\/product_tag?post=2799"}],"curies":[{"name":"wp","href":"https:\/\/api.w.org\/{rel}","templated":true}]}}