{"id":2801,"date":"2021-07-08T10:00:53","date_gmt":"2021-07-08T10:00:53","guid":{"rendered":"https:\/\/server656728.nazwa.pl\/hipertin\/?post_type=product&#038;p=2801"},"modified":"2022-04-11T11:26:48","modified_gmt":"2022-04-11T11:26:48","slug":"spray-na-objetosc-hipertin-gentle-volume-spray-200ml","status":"publish","type":"product","link":"https:\/\/hipertin.dfirma.pl\/index.php\/product\/spray-na-objetosc-hipertin-gentle-volume-spray-200ml\/","title":{"rendered":"Spray na obj\u0119to\u015b\u0107 \u2013 Hipertin Gentle Volume Spray 200ml"},"content":{"rendered":"<p>Twoje w\u0142osy s\u0105 cienkie i delikatne? Dlatego te\u017c szukasz wyj\u0105tkowego sprayu, kt\u00f3ry szybko i sprawnie zwi\u0119kszy obj\u0119to\u015b\u0107 Twoich w\u0142os\u00f3w? Wybierz wi\u0119c Hipertin Gentle Volume Spray!<\/p>\n<p>Hipertin Hi-Style Gentle Volume to spray nadaj\u0105cy obj\u0119to\u015b\u0107, kt\u00f3ry powsta\u0142 specjalnie z my\u015bl\u0105 o osobach, kt\u00f3rych problemem s\u0105 cienkie i delikatne w\u0142osy. Jego podstawowym zadaniem jest zwi\u0119kszenie obj\u0119to\u015bci w\u0142os\u00f3w oraz sprawienie, by fryzura wydawa\u0142a si\u0119 pe\u0142niejsza. Dzi\u0119ki niemu szybko i sprawnie zwi\u0119kszysz obj\u0119to\u015b\u0107 w\u0142os\u00f3w, a tak\u017ce znacznie u\u0142atwisz ich codzienne rozczesywanie, spe\u0142niaj\u0105c marzenia o g\u0119stych i mocnych w\u0142osach.<\/p>\n<p>Spos\u00f3b u\u017cycia: spryskaj w\u0142osy z odpowiedniej odleg\u0142o\u015bci.<\/p>\n<p>Pojemno\u015b\u0107: 200ml<\/p>\n","protected":false},"excerpt":{"rendered":"<p>Hipertin Hi-Style Gentle Volume to spray nadaj\u0105cy obj\u0119to\u015b\u0107, kt\u00f3ry powsta\u0142 specjalnie z my\u015bl\u0105 o osobach, kt\u00f3rych problemem s\u0105 cienkie i delikatne w\u0142osy. Jego podstawowym zadaniem jest zwi\u0119kszenie obj\u0119to\u015bci w\u0142os\u00f3w oraz sprawienie, by fryzura wydawa\u0142a si\u0119 pe\u0142niejsza. Dzi\u0119ki niemu szybko i sprawnie zwi\u0119kszysz obj\u0119to\u015b\u0107 w\u0142os\u00f3w, a tak\u017ce znacznie u\u0142atwisz ich codzienne rozczesywanie, spe\u0142niaj\u0105c marzenia o g\u0119stych i mocnych w\u0142osach.<\/p>\n","protected":false},"featured_media":4001,"comment_status":"open","ping_status":"closed","template":"","meta":[],"product_cat":[139],"product_tag":[],"class_list":["post-2801","product","type-product","status-publish","has-post-thumbnail","hentry","pwb-brand-hipertin","product_cat-stylizacja","product_shipping_class-darmowa-wysylka"],"brands":[{"id":133,"name":"Hipertin","slug":"hipertin"}],"yoast_head":"<!-- This site is optimized with the Yoast SEO plugin v19.10 - https:\/\/yoast.com\/wordpress\/plugins\/seo\/ -->\n<title>Spray na obj\u0119to\u015b\u0107 \u2013 Hipertin Gentle Volume Spray 200ml - HIPERTIN - Profesjonalne produkty Fryzjerskie<\/title>\n<meta name=\"robots\" content=\"index, follow, max-snippet:-1, max-image-preview:large, max-video-preview:-1\" \/>\n<link rel=\"canonical\" href=\"https:\/\/hipertin.dfirma.pl\/index.php\/product\/spray-na-objetosc-hipertin-gentle-volume-spray-200ml\/\" \/>\n<meta property=\"og:locale\" content=\"pl_PL\" \/>\n<meta property=\"og:type\" content=\"article\" \/>\n<meta property=\"og:title\" content=\"Spray na obj\u0119to\u015b\u0107 \u2013 Hipertin Gentle Volume Spray 200ml - HIPERTIN - Profesjonalne produkty Fryzjerskie\" \/>\n<meta property=\"og:description\" content=\"Hipertin Hi-Style Gentle Volume to spray nadaj\u0105cy obj\u0119to\u015b\u0107, kt\u00f3ry powsta\u0142 specjalnie z my\u015bl\u0105 o osobach, kt\u00f3rych problemem s\u0105 cienkie i delikatne w\u0142osy. Jego podstawowym zadaniem jest zwi\u0119kszenie obj\u0119to\u015bci w\u0142os\u00f3w oraz sprawienie, by fryzura wydawa\u0142a si\u0119 pe\u0142niejsza. Dzi\u0119ki niemu szybko i sprawnie zwi\u0119kszysz obj\u0119to\u015b\u0107 w\u0142os\u00f3w, a tak\u017ce znacznie u\u0142atwisz ich codzienne rozczesywanie, spe\u0142niaj\u0105c marzenia o g\u0119stych i mocnych w\u0142osach.\" \/>\n<meta property=\"og:url\" content=\"https:\/\/hipertin.dfirma.pl\/index.php\/product\/spray-na-objetosc-hipertin-gentle-volume-spray-200ml\/\" \/>\n<meta property=\"og:site_name\" content=\"HIPERTIN - Profesjonalne produkty Fryzjerskie\" \/>\n<meta property=\"article:modified_time\" content=\"2022-04-11T11:26:48+00:00\" \/>\n<meta property=\"og:image\" content=\"https:\/\/hipertin.dfirma.pl\/wp-content\/uploads\/2021\/07\/Spray-na-objetosc-\u2013-Hipertin-Gentle-Volume-Spray-200ml-2-e1636532492228.png\" \/>\n\t<meta property=\"og:image:width\" content=\"600\" \/>\n\t<meta property=\"og:image:height\" content=\"600\" \/>\n\t<meta property=\"og:image:type\" content=\"image\/png\" \/>\n<meta name=\"twitter:card\" content=\"summary_large_image\" \/>\n<meta name=\"twitter:label1\" content=\"Szacowany czas czytania\" \/>\n\t<meta name=\"twitter:data1\" content=\"1 minuta\" \/>\n<script type=\"application\/ld+json\" class=\"yoast-schema-graph\">{\"@context\":\"https:\/\/schema.org\",\"@graph\":[{\"@type\":\"WebPage\",\"@id\":\"https:\/\/hipertin.dfirma.pl\/index.php\/product\/spray-na-objetosc-hipertin-gentle-volume-spray-200ml\/\",\"url\":\"https:\/\/hipertin.dfirma.pl\/index.php\/product\/spray-na-objetosc-hipertin-gentle-volume-spray-200ml\/\",\"name\":\"Spray na obj\u0119to\u015b\u0107 \u2013 Hipertin Gentle Volume Spray 200ml - HIPERTIN - Profesjonalne produkty Fryzjerskie\",\"isPartOf\":{\"@id\":\"https:\/\/hipertin.dfirma.pl\/#website\"},\"datePublished\":\"2021-07-08T10:00:53+00:00\",\"dateModified\":\"2022-04-11T11:26:48+00:00\",\"breadcrumb\":{\"@id\":\"https:\/\/hipertin.dfirma.pl\/index.php\/product\/spray-na-objetosc-hipertin-gentle-volume-spray-200ml\/#breadcrumb\"},\"inLanguage\":\"pl-PL\",\"potentialAction\":[{\"@type\":\"ReadAction\",\"target\":[\"https:\/\/hipertin.dfirma.pl\/index.php\/product\/spray-na-objetosc-hipertin-gentle-volume-spray-200ml\/\"]}]},{\"@type\":\"BreadcrumbList\",\"@id\":\"https:\/\/hipertin.dfirma.pl\/index.php\/product\/spray-na-objetosc-hipertin-gentle-volume-spray-200ml\/#breadcrumb\",\"itemListElement\":[{\"@type\":\"ListItem\",\"position\":1,\"name\":\"Strona g\u0142\u00f3wna\",\"item\":\"https:\/\/hipertin.dfirma.pl\/\"},{\"@type\":\"ListItem\",\"position\":2,\"name\":\"Sklep\",\"item\":\"https:\/\/hipertin.dfirma.pl\/index.php\/sklep\/\"},{\"@type\":\"ListItem\",\"position\":3,\"name\":\"Spray na obj\u0119to\u015b\u0107 \u2013 Hipertin Gentle Volume Spray 200ml\"}]},{\"@type\":\"WebSite\",\"@id\":\"https:\/\/hipertin.dfirma.pl\/#website\",\"url\":\"https:\/\/hipertin.dfirma.pl\/\",\"name\":\"HIPERTIN - Profesjonalne produkty Fryzjerskie\",\"description\":\"\",\"potentialAction\":[{\"@type\":\"SearchAction\",\"target\":{\"@type\":\"EntryPoint\",\"urlTemplate\":\"https:\/\/hipertin.dfirma.pl\/?s={search_term_string}\"},\"query-input\":\"required name=search_term_string\"}],\"inLanguage\":\"pl-PL\"}]}<\/script>\n<!-- \/ Yoast SEO plugin. -->","yoast_head_json":{"title":"Spray na obj\u0119to\u015b\u0107 \u2013 Hipertin Gentle Volume Spray 200ml - HIPERTIN - Profesjonalne produkty Fryzjerskie","robots":{"index":"index","follow":"follow","max-snippet":"max-snippet:-1","max-image-preview":"max-image-preview:large","max-video-preview":"max-video-preview:-1"},"canonical":"https:\/\/hipertin.dfirma.pl\/index.php\/product\/spray-na-objetosc-hipertin-gentle-volume-spray-200ml\/","og_locale":"pl_PL","og_type":"article","og_title":"Spray na obj\u0119to\u015b\u0107 \u2013 Hipertin Gentle Volume Spray 200ml - HIPERTIN - Profesjonalne produkty Fryzjerskie","og_description":"Hipertin Hi-Style Gentle Volume to spray nadaj\u0105cy obj\u0119to\u015b\u0107, kt\u00f3ry powsta\u0142 specjalnie z my\u015bl\u0105 o osobach, kt\u00f3rych problemem s\u0105 cienkie i delikatne w\u0142osy. Jego podstawowym zadaniem jest zwi\u0119kszenie obj\u0119to\u015bci w\u0142os\u00f3w oraz sprawienie, by fryzura wydawa\u0142a si\u0119 pe\u0142niejsza. Dzi\u0119ki niemu szybko i sprawnie zwi\u0119kszysz obj\u0119to\u015b\u0107 w\u0142os\u00f3w, a tak\u017ce znacznie u\u0142atwisz ich codzienne rozczesywanie, spe\u0142niaj\u0105c marzenia o g\u0119stych i mocnych w\u0142osach.","og_url":"https:\/\/hipertin.dfirma.pl\/index.php\/product\/spray-na-objetosc-hipertin-gentle-volume-spray-200ml\/","og_site_name":"HIPERTIN - Profesjonalne produkty Fryzjerskie","article_modified_time":"2022-04-11T11:26:48+00:00","og_image":[{"width":600,"height":600,"url":"https:\/\/hipertin.dfirma.pl\/wp-content\/uploads\/2021\/07\/Spray-na-objetosc-\u2013-Hipertin-Gentle-Volume-Spray-200ml-2-e1636532492228.png","type":"image\/png"}],"twitter_card":"summary_large_image","twitter_misc":{"Szacowany czas czytania":"1 minuta"},"schema":{"@context":"https:\/\/schema.org","@graph":[{"@type":"WebPage","@id":"https:\/\/hipertin.dfirma.pl\/index.php\/product\/spray-na-objetosc-hipertin-gentle-volume-spray-200ml\/","url":"https:\/\/hipertin.dfirma.pl\/index.php\/product\/spray-na-objetosc-hipertin-gentle-volume-spray-200ml\/","name":"Spray na obj\u0119to\u015b\u0107 \u2013 Hipertin Gentle Volume Spray 200ml - HIPERTIN - Profesjonalne produkty Fryzjerskie","isPartOf":{"@id":"https:\/\/hipertin.dfirma.pl\/#website"},"datePublished":"2021-07-08T10:00:53+00:00","dateModified":"2022-04-11T11:26:48+00:00","breadcrumb":{"@id":"https:\/\/hipertin.dfirma.pl\/index.php\/product\/spray-na-objetosc-hipertin-gentle-volume-spray-200ml\/#breadcrumb"},"inLanguage":"pl-PL","potentialAction":[{"@type":"ReadAction","target":["https:\/\/hipertin.dfirma.pl\/index.php\/product\/spray-na-objetosc-hipertin-gentle-volume-spray-200ml\/"]}]},{"@type":"BreadcrumbList","@id":"https:\/\/hipertin.dfirma.pl\/index.php\/product\/spray-na-objetosc-hipertin-gentle-volume-spray-200ml\/#breadcrumb","itemListElement":[{"@type":"ListItem","position":1,"name":"Strona g\u0142\u00f3wna","item":"https:\/\/hipertin.dfirma.pl\/"},{"@type":"ListItem","position":2,"name":"Sklep","item":"https:\/\/hipertin.dfirma.pl\/index.php\/sklep\/"},{"@type":"ListItem","position":3,"name":"Spray na obj\u0119to\u015b\u0107 \u2013 Hipertin Gentle Volume Spray 200ml"}]},{"@type":"WebSite","@id":"https:\/\/hipertin.dfirma.pl\/#website","url":"https:\/\/hipertin.dfirma.pl\/","name":"HIPERTIN - Profesjonalne produkty Fryzjerskie","description":"","potentialAction":[{"@type":"SearchAction","target":{"@type":"EntryPoint","urlTemplate":"https:\/\/hipertin.dfirma.pl\/?s={search_term_string}"},"query-input":"required name=search_term_string"}],"inLanguage":"pl-PL"}]}},"_links":{"self":[{"href":"https:\/\/hipertin.dfirma.pl\/index.php\/wp-json\/wp\/v2\/product\/2801","targetHints":{"allow":["GET"]}}],"collection":[{"href":"https:\/\/hipertin.dfirma.pl\/index.php\/wp-json\/wp\/v2\/product"}],"about":[{"href":"https:\/\/hipertin.dfirma.pl\/index.php\/wp-json\/wp\/v2\/types\/product"}],"replies":[{"embeddable":true,"href":"https:\/\/hipertin.dfirma.pl\/index.php\/wp-json\/wp\/v2\/comments?post=2801"}],"wp:featuredmedia":[{"embeddable":true,"href":"https:\/\/hipertin.dfirma.pl\/index.php\/wp-json\/wp\/v2\/media\/4001"}],"wp:attachment":[{"href":"https:\/\/hipertin.dfirma.pl\/index.php\/wp-json\/wp\/v2\/media?parent=2801"}],"wp:term":[{"taxonomy":"product_cat","embeddable":true,"href":"https:\/\/hipertin.dfirma.pl\/index.php\/wp-json\/wp\/v2\/product_cat?post=2801"},{"taxonomy":"product_tag","embeddable":true,"href":"https:\/\/hipertin.dfirma.pl\/index.php\/wp-json\/wp\/v2\/product_tag?post=2801"}],"curies":[{"name":"wp","href":"https:\/\/api.w.org\/{rel}","templated":true}]}}