{"id":4246,"date":"2022-08-08T11:47:33","date_gmt":"2022-08-08T11:47:33","guid":{"rendered":"http:\/\/hipertin.dfirma.pl\/?post_type=product&#038;p=4246"},"modified":"2022-08-08T11:51:45","modified_gmt":"2022-08-08T11:51:45","slug":"mus-do-wlosow-kreconych-hipertin-150ml","status":"publish","type":"product","link":"https:\/\/hipertin.dfirma.pl\/index.php\/product\/mus-do-wlosow-kreconych-hipertin-150ml\/","title":{"rendered":"BOUNCE CURLY FOAM &#8211; Super lekki mus do w\u0142os\u00f3w kr\u0119conych marki HIPERTIN, 150ml. NOWO\u015a\u0106!"},"content":{"rendered":"<p><strong>Aktywne sk\u0142adniki:<\/strong><\/p>\n<ul>\n<li><span class=\"JsGRdQ\">PROVITAMIN B5 posiada niesamowite w\u0142a\u015bciwo\u015bci poprawy kondycji w\u0142os\u00f3w. Pomaga naprawi\u0107 suche<\/span> <span class=\"JsGRdQ\">i s\u0142abe w\u0142osy. Pomaga r\u00f3wnie\u017c zatrzyma\u0107 wilgo\u0107, dzi\u0119ki czemu w\u0142osy s\u0105 bardziej elastyczne i b\u0142yszcz\u0105ce.<\/span><\/li>\n<li><span class=\"JsGRdQ\">KWAS HIALURONOWY Dzia\u0142a silnie nawil\u017caj\u0105co na w\u0142osy, zapobiegaj\u0105c utracie wody oraz od\u017cywiaj\u0105c je. Przywracaj\u0105c im naturaln\u0105 tekstur\u0119 i r\u00f3wnowag\u0119.<\/span><\/li>\n<\/ul>\n<p><strong>Widoczne rezultaty:<\/strong><\/p>\n<ul>\n<li class=\"_04xlpA direction-ltr align-start para-style-body\"><span class=\"JsGRdQ\"> Pomaga od\u017cywia\u0107 i nawil\u017ca\u0107 w\u0142osy.<\/span><\/li>\n<li class=\"_04xlpA direction-ltr align-start para-style-body\"><span class=\"JsGRdQ\">Definiuje naturalny lok w\u0142os\u00f3w.<\/span><\/li>\n<li class=\"_04xlpA direction-ltr align-justify para-style-body\"><span class=\"JsGRdQ\">Uelastycznia loki i zapobiega ich p\u0119kaniu.<\/span><\/li>\n<li class=\"_04xlpA direction-ltr align-justify para-style-body\"><span class=\"JsGRdQ\">Efekt &#8222;wiosny&#8221;.<\/span><\/li>\n<li><span class=\"JsGRdQ\">Utrwala w\u0142osy pozostawiaj\u0105c naturalne wyko\u0144czenie.<\/span><\/li>\n<li class=\"_04xlpA direction-ltr align-start para-style-body\"><span class=\"JsGRdQ\">Przyczynia si\u0119 do zwi\u0119kszenia po\u0142ysku i mi\u0119kko\u015bci.<\/span><\/li>\n<li class=\"_04xlpA direction-ltr align-start para-style-body\"><span class=\"JsGRdQ\">Nadaje obj\u0119to\u015b\u0107 najcie\u0144szym lokom.<\/span><\/li>\n<li class=\"_04xlpA direction-ltr align-start para-style-body\"><span class=\"JsGRdQ\">Naprawia i definiuje fryzur\u0119 bez obci\u0105\u017cania jej.<\/span><\/li>\n<\/ul>\n<p><strong>Spos\u00f3b u\u017cycia:<\/strong><\/p>\n<ul>\n<li class=\"_04xlpA direction-ltr align-start para-style-body\"><span class=\"JsGRdQ\">Po umyciu w\u0142os\u00f3w usu\u0144 nadmiar wilgoci r\u0119cznikiem. Wstrz\u0105\u015bnij musem i na\u0142\u00f3\u017c wymagan\u0105 ilo\u015b\u0107 na<\/span><\/li>\n<li class=\"_04xlpA direction-ltr align-start para-style-body\"><span class=\"JsGRdQ\">wilgotne w\u0142osy. Roz\u0142\u00f3\u017c go opuszkami palc\u00f3w lub grzebieniem o szerokich z\u0119bach. Nie sp\u0142ukiwa\u0107.<\/span><\/li>\n<li class=\"_04xlpA direction-ltr align-start para-style-body\"><span class=\"JsGRdQ\">Aby uzyska\u0107 wi\u0119ksz\u0105 definicj\u0119 lok\u00f3w, wysusz w\u0142osy dyfuzorem.<\/span><\/li>\n<\/ul>\n","protected":false},"excerpt":{"rendered":"<p><span class=\"JsGRdQ\">Bounce Curly Foam to nowy mus\/pianka do w\u0142os\u00f3w z serii produkt\u00f3w HI STYLE strong hold. <\/span><span class=\"JsGRdQ\">Jest to produkt, do stylizacji w\u0142os\u00f3w kr\u0119conych, pozwalaj\u0105cy na kreowanie fryzury zgodnie z po\u017c\u0105danym efektem. <\/span><span class=\"JsGRdQ\">Pianka tworzy film wok\u00f3\u0142 w\u0142os\u00f3w, zapewniaj\u0105c w ten spos\u00f3b warstw\u0119 ochronn\u0105 przed agresj\u0105 czynnik\u00f3w zewn\u0119trznych. Dzia\u0142a piel\u0119gnacyjnie na w\u0142osy, zapewnia im po\u0142ysk i obj\u0119to\u015b\u0107. <\/span><span class=\"JsGRdQ\">Zapewnia lekkie, naturalne wyko\u0144czenie.<\/span><\/p>\n","protected":false},"featured_media":4247,"comment_status":"open","ping_status":"closed","template":"","meta":[],"product_cat":[139],"product_tag":[244,242,241,240,243],"class_list":["post-4246","product","type-product","status-publish","has-post-thumbnail","hentry","pwb-brand-hipertin","product_cat-stylizacja","product_tag-bounce-curly-foam","product_tag-mus","product_tag-pianka","product_tag-stylizacja","product_tag-wlosy-krecone","product_shipping_class-darmowa-wysylka"],"brands":[{"id":133,"name":"Hipertin","slug":"hipertin"}],"yoast_head":"<!-- This site is optimized with the Yoast SEO plugin v19.10 - https:\/\/yoast.com\/wordpress\/plugins\/seo\/ -->\n<title>BOUNCE CURLY FOAM - Super lekki mus do w\u0142os\u00f3w kr\u0119conych marki HIPERTIN, 150ml. NOWO\u015a\u0106! - HIPERTIN - Profesjonalne produkty Fryzjerskie<\/title>\n<meta name=\"robots\" content=\"index, follow, max-snippet:-1, max-image-preview:large, max-video-preview:-1\" \/>\n<link rel=\"canonical\" href=\"https:\/\/hipertin.dfirma.pl\/index.php\/product\/mus-do-wlosow-kreconych-hipertin-150ml\/\" \/>\n<meta property=\"og:locale\" content=\"pl_PL\" \/>\n<meta property=\"og:type\" content=\"article\" \/>\n<meta property=\"og:title\" content=\"BOUNCE CURLY FOAM - Super lekki mus do w\u0142os\u00f3w kr\u0119conych marki HIPERTIN, 150ml. NOWO\u015a\u0106! - HIPERTIN - Profesjonalne produkty Fryzjerskie\" \/>\n<meta property=\"og:description\" content=\"Bounce Curly Foam to nowy mus\/pianka do w\u0142os\u00f3w z serii produkt\u00f3w HI STYLE strong hold. Jest to produkt, do stylizacji w\u0142os\u00f3w kr\u0119conych, pozwalaj\u0105cy na kreowanie fryzury zgodnie z po\u017c\u0105danym efektem. Pianka tworzy film wok\u00f3\u0142 w\u0142os\u00f3w, zapewniaj\u0105c w ten spos\u00f3b warstw\u0119 ochronn\u0105 przed agresj\u0105 czynnik\u00f3w zewn\u0119trznych. Dzia\u0142a piel\u0119gnacyjnie na w\u0142osy, zapewnia im po\u0142ysk i obj\u0119to\u015b\u0107. Zapewnia lekkie, naturalne wyko\u0144czenie.\" \/>\n<meta property=\"og:url\" content=\"https:\/\/hipertin.dfirma.pl\/index.php\/product\/mus-do-wlosow-kreconych-hipertin-150ml\/\" \/>\n<meta property=\"og:site_name\" content=\"HIPERTIN - Profesjonalne produkty Fryzjerskie\" \/>\n<meta property=\"article:modified_time\" content=\"2022-08-08T11:51:45+00:00\" \/>\n<meta property=\"og:image\" content=\"https:\/\/hipertin.dfirma.pl\/wp-content\/uploads\/2022\/08\/Super-lekki-mus-do-wlosow-kreconych-marki-HIPERTIN-150ml.-NOWOSC.png\" \/>\n\t<meta property=\"og:image:width\" content=\"500\" \/>\n\t<meta property=\"og:image:height\" content=\"500\" \/>\n\t<meta property=\"og:image:type\" content=\"image\/png\" \/>\n<meta name=\"twitter:card\" content=\"summary_large_image\" \/>\n<meta name=\"twitter:label1\" content=\"Szacowany czas czytania\" \/>\n\t<meta name=\"twitter:data1\" content=\"1 minuta\" \/>\n<script type=\"application\/ld+json\" class=\"yoast-schema-graph\">{\"@context\":\"https:\/\/schema.org\",\"@graph\":[{\"@type\":\"WebPage\",\"@id\":\"https:\/\/hipertin.dfirma.pl\/index.php\/product\/mus-do-wlosow-kreconych-hipertin-150ml\/\",\"url\":\"https:\/\/hipertin.dfirma.pl\/index.php\/product\/mus-do-wlosow-kreconych-hipertin-150ml\/\",\"name\":\"BOUNCE CURLY FOAM - Super lekki mus do w\u0142os\u00f3w kr\u0119conych marki HIPERTIN, 150ml. NOWO\u015a\u0106! - HIPERTIN - Profesjonalne produkty Fryzjerskie\",\"isPartOf\":{\"@id\":\"https:\/\/hipertin.dfirma.pl\/#website\"},\"datePublished\":\"2022-08-08T11:47:33+00:00\",\"dateModified\":\"2022-08-08T11:51:45+00:00\",\"breadcrumb\":{\"@id\":\"https:\/\/hipertin.dfirma.pl\/index.php\/product\/mus-do-wlosow-kreconych-hipertin-150ml\/#breadcrumb\"},\"inLanguage\":\"pl-PL\",\"potentialAction\":[{\"@type\":\"ReadAction\",\"target\":[\"https:\/\/hipertin.dfirma.pl\/index.php\/product\/mus-do-wlosow-kreconych-hipertin-150ml\/\"]}]},{\"@type\":\"BreadcrumbList\",\"@id\":\"https:\/\/hipertin.dfirma.pl\/index.php\/product\/mus-do-wlosow-kreconych-hipertin-150ml\/#breadcrumb\",\"itemListElement\":[{\"@type\":\"ListItem\",\"position\":1,\"name\":\"Strona g\u0142\u00f3wna\",\"item\":\"https:\/\/hipertin.dfirma.pl\/\"},{\"@type\":\"ListItem\",\"position\":2,\"name\":\"Sklep\",\"item\":\"https:\/\/hipertin.dfirma.pl\/index.php\/sklep\/\"},{\"@type\":\"ListItem\",\"position\":3,\"name\":\"BOUNCE CURLY FOAM &#8211; Super lekki mus do w\u0142os\u00f3w kr\u0119conych marki HIPERTIN, 150ml. NOWO\u015a\u0106!\"}]},{\"@type\":\"WebSite\",\"@id\":\"https:\/\/hipertin.dfirma.pl\/#website\",\"url\":\"https:\/\/hipertin.dfirma.pl\/\",\"name\":\"HIPERTIN - Profesjonalne produkty Fryzjerskie\",\"description\":\"\",\"potentialAction\":[{\"@type\":\"SearchAction\",\"target\":{\"@type\":\"EntryPoint\",\"urlTemplate\":\"https:\/\/hipertin.dfirma.pl\/?s={search_term_string}\"},\"query-input\":\"required name=search_term_string\"}],\"inLanguage\":\"pl-PL\"}]}<\/script>\n<!-- \/ Yoast SEO plugin. -->","yoast_head_json":{"title":"BOUNCE CURLY FOAM - Super lekki mus do w\u0142os\u00f3w kr\u0119conych marki HIPERTIN, 150ml. NOWO\u015a\u0106! - HIPERTIN - Profesjonalne produkty Fryzjerskie","robots":{"index":"index","follow":"follow","max-snippet":"max-snippet:-1","max-image-preview":"max-image-preview:large","max-video-preview":"max-video-preview:-1"},"canonical":"https:\/\/hipertin.dfirma.pl\/index.php\/product\/mus-do-wlosow-kreconych-hipertin-150ml\/","og_locale":"pl_PL","og_type":"article","og_title":"BOUNCE CURLY FOAM - Super lekki mus do w\u0142os\u00f3w kr\u0119conych marki HIPERTIN, 150ml. NOWO\u015a\u0106! - HIPERTIN - Profesjonalne produkty Fryzjerskie","og_description":"Bounce Curly Foam to nowy mus\/pianka do w\u0142os\u00f3w z serii produkt\u00f3w HI STYLE strong hold. Jest to produkt, do stylizacji w\u0142os\u00f3w kr\u0119conych, pozwalaj\u0105cy na kreowanie fryzury zgodnie z po\u017c\u0105danym efektem. Pianka tworzy film wok\u00f3\u0142 w\u0142os\u00f3w, zapewniaj\u0105c w ten spos\u00f3b warstw\u0119 ochronn\u0105 przed agresj\u0105 czynnik\u00f3w zewn\u0119trznych. Dzia\u0142a piel\u0119gnacyjnie na w\u0142osy, zapewnia im po\u0142ysk i obj\u0119to\u015b\u0107. Zapewnia lekkie, naturalne wyko\u0144czenie.","og_url":"https:\/\/hipertin.dfirma.pl\/index.php\/product\/mus-do-wlosow-kreconych-hipertin-150ml\/","og_site_name":"HIPERTIN - Profesjonalne produkty Fryzjerskie","article_modified_time":"2022-08-08T11:51:45+00:00","og_image":[{"width":500,"height":500,"url":"https:\/\/hipertin.dfirma.pl\/wp-content\/uploads\/2022\/08\/Super-lekki-mus-do-wlosow-kreconych-marki-HIPERTIN-150ml.-NOWOSC.png","type":"image\/png"}],"twitter_card":"summary_large_image","twitter_misc":{"Szacowany czas czytania":"1 minuta"},"schema":{"@context":"https:\/\/schema.org","@graph":[{"@type":"WebPage","@id":"https:\/\/hipertin.dfirma.pl\/index.php\/product\/mus-do-wlosow-kreconych-hipertin-150ml\/","url":"https:\/\/hipertin.dfirma.pl\/index.php\/product\/mus-do-wlosow-kreconych-hipertin-150ml\/","name":"BOUNCE CURLY FOAM - Super lekki mus do w\u0142os\u00f3w kr\u0119conych marki HIPERTIN, 150ml. NOWO\u015a\u0106! - HIPERTIN - Profesjonalne produkty Fryzjerskie","isPartOf":{"@id":"https:\/\/hipertin.dfirma.pl\/#website"},"datePublished":"2022-08-08T11:47:33+00:00","dateModified":"2022-08-08T11:51:45+00:00","breadcrumb":{"@id":"https:\/\/hipertin.dfirma.pl\/index.php\/product\/mus-do-wlosow-kreconych-hipertin-150ml\/#breadcrumb"},"inLanguage":"pl-PL","potentialAction":[{"@type":"ReadAction","target":["https:\/\/hipertin.dfirma.pl\/index.php\/product\/mus-do-wlosow-kreconych-hipertin-150ml\/"]}]},{"@type":"BreadcrumbList","@id":"https:\/\/hipertin.dfirma.pl\/index.php\/product\/mus-do-wlosow-kreconych-hipertin-150ml\/#breadcrumb","itemListElement":[{"@type":"ListItem","position":1,"name":"Strona g\u0142\u00f3wna","item":"https:\/\/hipertin.dfirma.pl\/"},{"@type":"ListItem","position":2,"name":"Sklep","item":"https:\/\/hipertin.dfirma.pl\/index.php\/sklep\/"},{"@type":"ListItem","position":3,"name":"BOUNCE CURLY FOAM &#8211; Super lekki mus do w\u0142os\u00f3w kr\u0119conych marki HIPERTIN, 150ml. NOWO\u015a\u0106!"}]},{"@type":"WebSite","@id":"https:\/\/hipertin.dfirma.pl\/#website","url":"https:\/\/hipertin.dfirma.pl\/","name":"HIPERTIN - Profesjonalne produkty Fryzjerskie","description":"","potentialAction":[{"@type":"SearchAction","target":{"@type":"EntryPoint","urlTemplate":"https:\/\/hipertin.dfirma.pl\/?s={search_term_string}"},"query-input":"required name=search_term_string"}],"inLanguage":"pl-PL"}]}},"_links":{"self":[{"href":"https:\/\/hipertin.dfirma.pl\/index.php\/wp-json\/wp\/v2\/product\/4246","targetHints":{"allow":["GET"]}}],"collection":[{"href":"https:\/\/hipertin.dfirma.pl\/index.php\/wp-json\/wp\/v2\/product"}],"about":[{"href":"https:\/\/hipertin.dfirma.pl\/index.php\/wp-json\/wp\/v2\/types\/product"}],"replies":[{"embeddable":true,"href":"https:\/\/hipertin.dfirma.pl\/index.php\/wp-json\/wp\/v2\/comments?post=4246"}],"wp:featuredmedia":[{"embeddable":true,"href":"https:\/\/hipertin.dfirma.pl\/index.php\/wp-json\/wp\/v2\/media\/4247"}],"wp:attachment":[{"href":"https:\/\/hipertin.dfirma.pl\/index.php\/wp-json\/wp\/v2\/media?parent=4246"}],"wp:term":[{"taxonomy":"product_cat","embeddable":true,"href":"https:\/\/hipertin.dfirma.pl\/index.php\/wp-json\/wp\/v2\/product_cat?post=4246"},{"taxonomy":"product_tag","embeddable":true,"href":"https:\/\/hipertin.dfirma.pl\/index.php\/wp-json\/wp\/v2\/product_tag?post=4246"}],"curies":[{"name":"wp","href":"https:\/\/api.w.org\/{rel}","templated":true}]}}